{"id":5986,"date":"2024-01-15T23:35:45","date_gmt":"2024-01-15T23:35:45","guid":{"rendered":"https:\/\/www.javeriana.edu.co\/construlab\/?page_id=5986"},"modified":"2024-07-22T20:58:42","modified_gmt":"2024-07-22T20:58:42","slug":"pagina-de-testeo","status":"publish","type":"page","link":"http:\/\/www.javeriana.edu.co\/construlab\/?page_id=5986","title":{"rendered":"EDIFICIOS"},"content":{"rendered":"\t\t<div data-elementor-type=\"wp-page\" data-elementor-id=\"5986\" class=\"elementor elementor-5986\" data-elementor-post-type=\"page\">\n\t\t\t\t<div class=\"elementor-element elementor-element-0c7c84c e-con-full e-flex e-con e-parent\" data-id=\"0c7c84c\" data-element_type=\"container\" data-settings=\"{&quot;background_background&quot;:&quot;gradient&quot;}\">\n\t\t<a class=\"elementor-element elementor-element-62306e2 e-con-full e-flex e-con e-child\" data-id=\"62306e2\" data-element_type=\"container\" href=\"http:\/\/www.javeriana.edu.co\/construlab\/?page_id=6697\">\n\t\t\t\t<div class=\"elementor-element elementor-element-be67d9a elementor-widget__width-initial elementor-widget elementor-widget-theme-post-featured-image elementor-widget-image\" data-id=\"be67d9a\" data-element_type=\"widget\" data-widget_type=\"theme-post-featured-image.default\">\n\t\t\t\t<div class=\"elementor-widget-container\">\n\t\t\t\t\t\t\t\t\t\t\t\t\t\t\t<img fetchpriority=\"high\" decoding=\"async\" width=\"768\" height=\"960\" src=\"http:\/\/www.javeriana.edu.co\/construlab\/wp-content\/uploads\/2024\/02\/Portada-768x960.jpg\" class=\"attachment-medium_large size-medium_large wp-image-9310\" alt=\"\" srcset=\"http:\/\/www.javeriana.edu.co\/construlab\/wp-content\/uploads\/2024\/02\/Portada-768x960.jpg 768w, http:\/\/www.javeriana.edu.co\/construlab\/wp-content\/uploads\/2024\/02\/Portada-240x300.jpg 240w, http:\/\/www.javeriana.edu.co\/construlab\/wp-content\/uploads\/2024\/02\/Portada-820x1024.jpg 820w, http:\/\/www.javeriana.edu.co\/construlab\/wp-content\/uploads\/2024\/02\/Portada.jpg 958w\" sizes=\"(max-width: 768px) 100vw, 768px\" \/>\t\t\t\t\t\t\t\t\t\t\t\t\t\t\t<\/div>\n\t\t\t\t<\/div>\n\t\t\t\t<div class=\"elementor-element elementor-element-1532659 elementor-widget elementor-widget-text-editor\" data-id=\"1532659\" data-element_type=\"widget\" data-widget_type=\"text-editor.default\">\n\t\t\t\t<div class=\"elementor-widget-container\">\n\t\t\t\t\t\t\t\t\t<p style=\"text-align: right;\"><em><span style=\"color: #204c6e;\">\u00c1rea: 17.800 m2\u00a0<\/span><\/em><br \/><em><span style=\"color: #204c6e;\">Altura: 38.55 mts\u00a0<\/span><\/em><\/p>\t\t\t\t\t\t\t\t<\/div>\n\t\t\t\t<\/div>\n\t\t\t\t<div class=\"elementor-element elementor-element-acaffa0 elementor-widget-mobile__width-initial pp-info-box-top elementor-widget elementor-widget-pp-info-box\" data-id=\"acaffa0\" data-element_type=\"widget\" data-settings=\"{&quot;icon_position&quot;:&quot;top&quot;}\" data-widget_type=\"pp-info-box.default\">\n\t\t\t\t<div class=\"elementor-widget-container\">\n\t\t\t\t\t\t\t<div class=\"pp-info-box-container\">\n\t\t\t<div class=\"pp-info-box\">\n\t\t\t\t\t\t\t\t\t<div class=\"pp-info-box-icon-wrap\">\n\t\t\t\t\t\t\t\t\t\t\t\t\t\t<span class=\"pp-info-box-icon pp-icon\">\n\t\t\t\t\t<\/span>\n\t\t\t\t\t\t\t\t\t\t\t\t\t<\/div>\n\t\t\t\t\t\t\t\t<div class=\"pp-info-box-content\">\n\t\t\t\t\t<div class=\"pp-info-box-title-wrap\">\n\t\t\t\t\t\t\t\t\t\t\t<\/div>\n\n\t\t\t\t\t\n\t\t\t\t\t\t\t\t\t\t\t<div class=\"pp-info-box-description\">\n\t\t\t\t\t\t\t<h5>\u00a0<\/h5><h5><strong>FACULTAD DE <\/strong><strong>ARTES<\/strong><\/h5><p><span style=\"color: inherit; word-spacing: var( --e-global-typography-accent-word-spacing );\">Edificio Gerardo Arango Puerta, S.J<\/span><\/p>\t\t\t\t\t\t<\/div>\n\t\t\t\t\t\t\t\t\t\t\t\t\t\t<\/div>\n\t\t\t<\/div>\n\t\t<\/div>\n\t\t\t\t\t\t<\/div>\n\t\t\t\t<\/div>\n\t\t\t\t<\/a>\n\t\t<a class=\"elementor-element elementor-element-798f4d8 e-con-full e-flex e-con e-child\" data-id=\"798f4d8\" data-element_type=\"container\" href=\"http:\/\/www.javeriana.edu.co\/construlab\/?page_id=6775\">\n\t\t\t\t<div class=\"elementor-element elementor-element-034129a elementor-widget__width-initial elementor-widget elementor-widget-theme-post-featured-image elementor-widget-image\" data-id=\"034129a\" data-element_type=\"widget\" data-widget_type=\"theme-post-featured-image.default\">\n\t\t\t\t<div class=\"elementor-widget-container\">\n\t\t\t\t\t\t\t\t\t\t\t\t\t\t\t<img decoding=\"async\" width=\"768\" height=\"960\" src=\"http:\/\/www.javeriana.edu.co\/construlab\/wp-content\/uploads\/2024\/02\/Portada-1-1-768x960.jpg\" class=\"attachment-medium_large size-medium_large wp-image-9320\" alt=\"\" srcset=\"http:\/\/www.javeriana.edu.co\/construlab\/wp-content\/uploads\/2024\/02\/Portada-1-1-768x960.jpg 768w, http:\/\/www.javeriana.edu.co\/construlab\/wp-content\/uploads\/2024\/02\/Portada-1-1-240x300.jpg 240w, http:\/\/www.javeriana.edu.co\/construlab\/wp-content\/uploads\/2024\/02\/Portada-1-1-819x1024.jpg 819w, http:\/\/www.javeriana.edu.co\/construlab\/wp-content\/uploads\/2024\/02\/Portada-1-1-1229x1536.jpg 1229w, http:\/\/www.javeriana.edu.co\/construlab\/wp-content\/uploads\/2024\/02\/Portada-1-1-1638x2048.jpg 1638w, http:\/\/www.javeriana.edu.co\/construlab\/wp-content\/uploads\/2024\/02\/Portada-1-1-scaled.jpg 2048w\" sizes=\"(max-width: 768px) 100vw, 768px\" \/>\t\t\t\t\t\t\t\t\t\t\t\t\t\t\t<\/div>\n\t\t\t\t<\/div>\n\t\t\t\t<div class=\"elementor-element elementor-element-0c2bd4e elementor-widget elementor-widget-text-editor\" data-id=\"0c2bd4e\" data-element_type=\"widget\" data-widget_type=\"text-editor.default\">\n\t\t\t\t<div class=\"elementor-widget-container\">\n\t\t\t\t\t\t\t\t\t<p style=\"text-align: right;\"><em><span style=\"color: #204c6e;\">\u00c1rea: 19.988 m2\u00a0<\/span><\/em><br \/><em><span style=\"color: #204c6e;\">Altura: 56.35 m\u00a0<\/span><\/em><\/p>\t\t\t\t\t\t\t\t<\/div>\n\t\t\t\t<\/div>\n\t\t\t\t<div class=\"elementor-element elementor-element-500104b pp-info-box-top elementor-widget elementor-widget-pp-info-box\" data-id=\"500104b\" data-element_type=\"widget\" data-settings=\"{&quot;icon_position&quot;:&quot;top&quot;}\" data-widget_type=\"pp-info-box.default\">\n\t\t\t\t<div class=\"elementor-widget-container\">\n\t\t\t\t\t\t\t<div class=\"pp-info-box-container\">\n\t\t\t<div class=\"pp-info-box\">\n\t\t\t\t\t\t\t\t\t<div class=\"pp-info-box-icon-wrap\">\n\t\t\t\t\t\t\t\t\t\t\t\t\t\t<span class=\"pp-info-box-icon pp-icon\">\n\t\t\t\t\t<\/span>\n\t\t\t\t\t\t\t\t\t\t\t\t\t<\/div>\n\t\t\t\t\t\t\t\t<div class=\"pp-info-box-content\">\n\t\t\t\t\t<div class=\"pp-info-box-title-wrap\">\n\t\t\t\t\t\t\t\t\t\t\t<\/div>\n\n\t\t\t\t\t\n\t\t\t\t\t\t\t\t\t\t\t<div class=\"pp-info-box-description\">\n\t\t\t\t\t\t\t<h5>\u00a0<\/h5><h5><strong>FACULTAD DE CIENCIAS<\/strong><\/h5><p style=\"text-align: left;\">Edificio de Ciencias<\/p>\t\t\t\t\t\t<\/div>\n\t\t\t\t\t\t\t\t\t\t\t\t\t\t<\/div>\n\t\t\t<\/div>\n\t\t<\/div>\n\t\t\t\t\t\t<\/div>\n\t\t\t\t<\/div>\n\t\t\t\t<\/a>\n\t\t<a class=\"elementor-element elementor-element-853b79b e-con-full e-flex e-con e-child\" data-id=\"853b79b\" data-element_type=\"container\" href=\"http:\/\/www.javeriana.edu.co\/construlab\/?page_id=6777\">\n\t\t\t\t<div class=\"elementor-element elementor-element-548a6d0 elementor-widget__width-initial elementor-widget elementor-widget-theme-post-featured-image elementor-widget-image\" data-id=\"548a6d0\" data-element_type=\"widget\" data-widget_type=\"theme-post-featured-image.default\">\n\t\t\t\t<div class=\"elementor-widget-container\">\n\t\t\t\t\t\t\t\t\t\t\t\t\t\t\t<img decoding=\"async\" width=\"701\" height=\"876\" src=\"http:\/\/www.javeriana.edu.co\/construlab\/wp-content\/uploads\/2024\/02\/Portada-1.jpg\" class=\"attachment-medium_large size-medium_large wp-image-9311\" alt=\"\" srcset=\"http:\/\/www.javeriana.edu.co\/construlab\/wp-content\/uploads\/2024\/02\/Portada-1.jpg 701w, http:\/\/www.javeriana.edu.co\/construlab\/wp-content\/uploads\/2024\/02\/Portada-1-240x300.jpg 240w\" sizes=\"(max-width: 701px) 100vw, 701px\" \/>\t\t\t\t\t\t\t\t\t\t\t\t\t\t\t<\/div>\n\t\t\t\t<\/div>\n\t\t\t\t<div class=\"elementor-element elementor-element-0dcbd3b elementor-widget elementor-widget-text-editor\" data-id=\"0dcbd3b\" data-element_type=\"widget\" data-widget_type=\"text-editor.default\">\n\t\t\t\t<div class=\"elementor-widget-container\">\n\t\t\t\t\t\t\t\t\t<p style=\"text-align: right;\"><em><span style=\"color: #204c6e;\">\u00c1rea: 14.500 m2\u00a0<\/span><\/em><br \/><em><span style=\"color: #204c6e;\">Altura: 70 m\u00a0<\/span><\/em><\/p>\t\t\t\t\t\t\t\t<\/div>\n\t\t\t\t<\/div>\n\t\t\t\t<div class=\"elementor-element elementor-element-d0ee3b1 pp-info-box-top elementor-widget elementor-widget-pp-info-box\" data-id=\"d0ee3b1\" data-element_type=\"widget\" data-settings=\"{&quot;icon_position&quot;:&quot;top&quot;}\" data-widget_type=\"pp-info-box.default\">\n\t\t\t\t<div class=\"elementor-widget-container\">\n\t\t\t\t\t\t\t<div class=\"pp-info-box-container\">\n\t\t\t<div class=\"pp-info-box\">\n\t\t\t\t\t\t\t\t\t<div class=\"pp-info-box-icon-wrap\">\n\t\t\t\t\t\t\t\t\t\t\t\t\t\t<span class=\"pp-info-box-icon pp-icon\">\n\t\t\t\t\t<\/span>\n\t\t\t\t\t\t\t\t\t\t\t\t\t<\/div>\n\t\t\t\t\t\t\t\t<div class=\"pp-info-box-content\">\n\t\t\t\t\t<div class=\"pp-info-box-title-wrap\">\n\t\t\t\t\t\t\t\t\t\t\t<\/div>\n\n\t\t\t\t\t\n\t\t\t\t\t\t\t\t\t\t\t<div class=\"pp-info-box-description\">\n\t\t\t\t\t\t\t<h5>&nbsp;<\/h5><h5><strong>FACULTAD DE INGENIER\u00cdA<\/strong><\/h5><p style=\"text-align: left;\">Edificio Jos\u00e9 Gabriel Maldonado S.J Laboratorios<\/p>\t\t\t\t\t\t<\/div>\n\t\t\t\t\t\t\t\t\t\t\t\t\t\t<\/div>\n\t\t\t<\/div>\n\t\t<\/div>\n\t\t\t\t\t\t<\/div>\n\t\t\t\t<\/div>\n\t\t\t\t<\/a>\n\t\t<a class=\"elementor-element elementor-element-a74404f e-con-full e-flex e-con e-child\" data-id=\"a74404f\" data-element_type=\"container\" href=\"http:\/\/www.javeriana.edu.co\/construlab\/?page_id=6783\">\n\t\t\t\t<div class=\"elementor-element elementor-element-a5daa9a elementor-widget__width-initial elementor-widget elementor-widget-theme-post-featured-image elementor-widget-image\" data-id=\"a5daa9a\" data-element_type=\"widget\" data-widget_type=\"theme-post-featured-image.default\">\n\t\t\t\t<div class=\"elementor-widget-container\">\n\t\t\t\t\t\t\t\t\t\t\t\t\t\t\t<img loading=\"lazy\" decoding=\"async\" width=\"768\" height=\"960\" src=\"http:\/\/www.javeriana.edu.co\/construlab\/wp-content\/uploads\/2024\/02\/Portada-2-768x960.jpg\" class=\"attachment-medium_large size-medium_large wp-image-9440\" alt=\"\" srcset=\"http:\/\/www.javeriana.edu.co\/construlab\/wp-content\/uploads\/2024\/02\/Portada-2-768x960.jpg 768w, http:\/\/www.javeriana.edu.co\/construlab\/wp-content\/uploads\/2024\/02\/Portada-2-240x300.jpg 240w, http:\/\/www.javeriana.edu.co\/construlab\/wp-content\/uploads\/2024\/02\/Portada-2-819x1024.jpg 819w, http:\/\/www.javeriana.edu.co\/construlab\/wp-content\/uploads\/2024\/02\/Portada-2.jpg 1193w\" sizes=\"(max-width: 768px) 100vw, 768px\" \/>\t\t\t\t\t\t\t\t\t\t\t\t\t\t\t<\/div>\n\t\t\t\t<\/div>\n\t\t\t\t<div class=\"elementor-element elementor-element-e093dbc elementor-widget elementor-widget-text-editor\" data-id=\"e093dbc\" data-element_type=\"widget\" data-widget_type=\"text-editor.default\">\n\t\t\t\t<div class=\"elementor-widget-container\">\n\t\t\t\t\t\t\t\t\t<p style=\"text-align: right;\"><em><span style=\"color: #204c6e;\">\u00c1rea: 19.163 m2\u00a0<\/span><\/em><br \/><em><span style=\"color: #204c6e;\">Altura: 40 m\u00a0<\/span><\/em><\/p>\t\t\t\t\t\t\t\t<\/div>\n\t\t\t\t<\/div>\n\t\t\t\t<div class=\"elementor-element elementor-element-2f0fced pp-info-box-top elementor-widget elementor-widget-pp-info-box\" data-id=\"2f0fced\" data-element_type=\"widget\" data-settings=\"{&quot;icon_position&quot;:&quot;top&quot;}\" data-widget_type=\"pp-info-box.default\">\n\t\t\t\t<div class=\"elementor-widget-container\">\n\t\t\t\t\t\t\t<div class=\"pp-info-box-container\">\n\t\t\t<div class=\"pp-info-box\">\n\t\t\t\t\t\t\t\t\t<div class=\"pp-info-box-icon-wrap\">\n\t\t\t\t\t\t\t\t\t\t\t\t\t\t<span class=\"pp-info-box-icon pp-icon\">\n\t\t\t\t\t<\/span>\n\t\t\t\t\t\t\t\t\t\t\t\t\t<\/div>\n\t\t\t\t\t\t\t\t<div class=\"pp-info-box-content\">\n\t\t\t\t\t<div class=\"pp-info-box-title-wrap\">\n\t\t\t\t\t\t\t\t\t\t\t<\/div>\n\n\t\t\t\t\t\n\t\t\t\t\t\t\t\t\t\t\t<div class=\"pp-info-box-description\">\n\t\t\t\t\t\t\t<h5>\u00a0<\/h5><h5><strong>TORRE EDIFICIO SAPIENCIA<\/strong><\/h5><p>Egresados y educaci\u00f3n continua.<\/p>\t\t\t\t\t\t<\/div>\n\t\t\t\t\t\t\t\t\t\t\t\t\t\t<\/div>\n\t\t\t<\/div>\n\t\t<\/div>\n\t\t\t\t\t\t<\/div>\n\t\t\t\t<\/div>\n\t\t\t\t<\/a>\n\t\t\t\t<\/div>\n\t\t\t\t<\/div>\n\t\t","protected":false},"excerpt":{"rendered":"<p>\u00c1rea: 17.800 m2\u00a0Altura: 38.55 mts\u00a0 \u00a0 FACULTAD DE ARTES Edificio Gerardo Arango Puerta, S.J \u00c1rea: 19.988 m2\u00a0Altura: 56.35 m\u00a0 \u00a0 FACULTAD DE CIENCIAS Edificio de Ciencias \u00c1rea: 14.500 m2\u00a0Altura: 70 m\u00a0 &nbsp; FACULTAD DE INGENIER\u00cdA Edificio Jos\u00e9 Gabriel Maldonado S.J Laboratorios \u00c1rea: 19.163 m2\u00a0Altura: 40 m\u00a0 \u00a0 TORRE EDIFICIO SAPIENCIA Egresados y educaci\u00f3n continua.<\/p>\n","protected":false},"author":3,"featured_media":0,"parent":0,"menu_order":0,"comment_status":"closed","ping_status":"closed","template":"","meta":{"_acf_changed":false,"footnotes":""},"class_list":["post-5986","page","type-page","status-publish","hentry"],"acf":[],"_links":{"self":[{"href":"http:\/\/www.javeriana.edu.co\/construlab\/index.php?rest_route=\/wp\/v2\/pages\/5986","targetHints":{"allow":["GET"]}}],"collection":[{"href":"http:\/\/www.javeriana.edu.co\/construlab\/index.php?rest_route=\/wp\/v2\/pages"}],"about":[{"href":"http:\/\/www.javeriana.edu.co\/construlab\/index.php?rest_route=\/wp\/v2\/types\/page"}],"author":[{"embeddable":true,"href":"http:\/\/www.javeriana.edu.co\/construlab\/index.php?rest_route=\/wp\/v2\/users\/3"}],"replies":[{"embeddable":true,"href":"http:\/\/www.javeriana.edu.co\/construlab\/index.php?rest_route=%2Fwp%2Fv2%2Fcomments&post=5986"}],"version-history":[{"count":18,"href":"http:\/\/www.javeriana.edu.co\/construlab\/index.php?rest_route=\/wp\/v2\/pages\/5986\/revisions"}],"predecessor-version":[{"id":10731,"href":"http:\/\/www.javeriana.edu.co\/construlab\/index.php?rest_route=\/wp\/v2\/pages\/5986\/revisions\/10731"}],"wp:attachment":[{"href":"http:\/\/www.javeriana.edu.co\/construlab\/index.php?rest_route=%2Fwp%2Fv2%2Fmedia&parent=5986"}],"curies":[{"name":"wp","href":"https:\/\/api.w.org\/{rel}","templated":true}]}}