{"id":8925,"date":"2024-04-17T15:45:15","date_gmt":"2024-04-17T15:45:15","guid":{"rendered":"https:\/\/www.javeriana.edu.co\/construlab\/?page_id=8925"},"modified":"2024-04-24T14:19:52","modified_gmt":"2024-04-24T14:19:52","slug":"laboratorios","status":"publish","type":"page","link":"http:\/\/www.javeriana.edu.co\/construlab\/?page_id=8925","title":{"rendered":"Laboratorios"},"content":{"rendered":"\t\t<div data-elementor-type=\"wp-page\" data-elementor-id=\"8925\" class=\"elementor elementor-8925\" data-elementor-post-type=\"page\">\n\t\t\t\t<div class=\"elementor-element elementor-element-378a790 e-flex e-con-boxed e-con e-parent\" data-id=\"378a790\" data-element_type=\"container\">\n\t\t\t\t\t<div class=\"e-con-inner\">\n\t\t\t\t<div class=\"elementor-element elementor-element-d9870c4 elementor-widget elementor-widget-heading\" data-id=\"d9870c4\" data-element_type=\"widget\" data-widget_type=\"heading.default\">\n\t\t\t\t<div class=\"elementor-widget-container\">\n\t\t\t\t\t<h2 class=\"elementor-heading-title elementor-size-default\">Conoce los laboratorios relacionados con la industria de la construcci\u00f3n<\/h2>\t\t\t\t<\/div>\n\t\t\t\t<\/div>\n\t\t\t\t\t<\/div>\n\t\t\t\t<\/div>\n\t\t<div class=\"elementor-element elementor-element-baecb0a e-con-full e-flex e-con e-parent\" data-id=\"baecb0a\" data-element_type=\"container\">\n\t\t<div class=\"elementor-element elementor-element-95f6550 e-con-full e-flex e-con e-child\" data-id=\"95f6550\" data-element_type=\"container\">\n\t\t\t\t<div class=\"elementor-element elementor-element-0c6dd64 elementor-widget__width-initial pp-info-box-top elementor-widget elementor-widget-pp-info-box\" data-id=\"0c6dd64\" data-element_type=\"widget\" data-settings=\"{&quot;icon_position&quot;:&quot;top&quot;}\" data-widget_type=\"pp-info-box.default\">\n\t\t\t\t<div class=\"elementor-widget-container\">\n\t\t\t\t\t\t\t<div class=\"pp-info-box-container\">\n\t\t\t<div class=\"pp-info-box\">\n\t\t\t\t\t\t\t\t\t<div class=\"pp-info-box-icon-wrap\">\n\t\t\t\t\t\t\t\t\t\t\t\t\t\t<span class=\"pp-info-box-icon pp-icon\">\n\t\t\t<img fetchpriority=\"high\" decoding=\"async\" width=\"2560\" height=\"2048\" src=\"http:\/\/www.javeriana.edu.co\/construlab\/wp-content\/uploads\/2024\/04\/Portada-ARQ-scaled.jpg\" class=\"attachment-full size-full wp-image-9426\" alt=\"\" srcset=\"http:\/\/www.javeriana.edu.co\/construlab\/wp-content\/uploads\/2024\/04\/Portada-ARQ-scaled.jpg 2560w, http:\/\/www.javeriana.edu.co\/construlab\/wp-content\/uploads\/2024\/04\/Portada-ARQ-300x240.jpg 300w, http:\/\/www.javeriana.edu.co\/construlab\/wp-content\/uploads\/2024\/04\/Portada-ARQ-1024x819.jpg 1024w, http:\/\/www.javeriana.edu.co\/construlab\/wp-content\/uploads\/2024\/04\/Portada-ARQ-768x614.jpg 768w, http:\/\/www.javeriana.edu.co\/construlab\/wp-content\/uploads\/2024\/04\/Portada-ARQ-1536x1229.jpg 1536w, http:\/\/www.javeriana.edu.co\/construlab\/wp-content\/uploads\/2024\/04\/Portada-ARQ-2048x1638.jpg 2048w\" sizes=\"(max-width: 2560px) 100vw, 2560px\" \/>\t\t<\/span>\n\t\t\t\t\t\t\t\t\t\t\t\t\t<\/div>\n\t\t\t\t\t\t\t\t<div class=\"pp-info-box-content\">\n\t\t\t\t\t<div class=\"pp-info-box-title-wrap\">\n\t\t\t\t\t\t\t\t\t\t\t<\/div>\n\n\t\t\t\t\t\t\t\t\t\t\t<div class=\"pp-info-box-divider-wrap\">\n\t\t\t\t\t\t\t<div class=\"pp-info-box-divider\"><\/div>\n\t\t\t\t\t\t<\/div>\n\t\t\t\t\t\n\t\t\t\t\t\t\t\t\t\t\t<div class=\"pp-info-box-description\">\n\t\t\t\t\t\t\t<p><strong style=\"color: var( --e-global-color-primary ); font-style: var( --e-global-typography-accent-font-style ); word-spacing: var( --e-global-typography-accent-word-spacing );\">Laboratorios de Arquitectura y Dise\u00f1o<\/strong><\/p>\t\t\t\t\t\t<\/div>\n\t\t\t\t\t\t\t\t\t\t\t\t\t\t\t\t\t<div class=\"pp-info-box-footer\">\n\t\t\t\t\t<a href=\"\/construlab\/?page_id=7683\" class=\"pp-info-box-button elementor-button elementor-size-sm\">\n\t\t\t\t\t\t\t\t\t\t\t\t\t\t\t\t\t\t\t<span class=\"pp-button-text\">\n\t\t\t\t\t\t\t\tConocer\t\t\t\t\t\t\t<\/span>\n\t\t\t\t\t\t\t\t\t\t\t\t\t\t\t\t\t<\/a>\n\t\t\t\t<\/div>\n\t\t\t\t\t\t\t\t\t\t<\/div>\n\t\t\t<\/div>\n\t\t<\/div>\n\t\t\t\t\t\t<\/div>\n\t\t\t\t<\/div>\n\t\t\t\t<\/div>\n\t\t<div class=\"elementor-element elementor-element-33e46f5 e-con-full e-flex e-con e-child\" data-id=\"33e46f5\" data-element_type=\"container\">\n\t\t\t\t<div class=\"elementor-element elementor-element-ae1c592 elementor-widget__width-initial pp-info-box-top elementor-widget elementor-widget-pp-info-box\" data-id=\"ae1c592\" data-element_type=\"widget\" data-settings=\"{&quot;icon_position&quot;:&quot;top&quot;}\" data-widget_type=\"pp-info-box.default\">\n\t\t\t\t<div class=\"elementor-widget-container\">\n\t\t\t\t\t\t\t<div class=\"pp-info-box-container\">\n\t\t\t<div class=\"pp-info-box\">\n\t\t\t\t\t\t\t\t\t<div class=\"pp-info-box-icon-wrap\">\n\t\t\t\t\t\t\t\t\t\t\t\t\t\t<span class=\"pp-info-box-icon pp-icon\">\n\t\t\t<img decoding=\"async\" width=\"1251\" height=\"1001\" src=\"http:\/\/www.javeriana.edu.co\/construlab\/wp-content\/uploads\/2024\/04\/Portada-ING.jpg\" class=\"attachment-full size-full wp-image-9428\" alt=\"\" srcset=\"http:\/\/www.javeriana.edu.co\/construlab\/wp-content\/uploads\/2024\/04\/Portada-ING.jpg 1251w, http:\/\/www.javeriana.edu.co\/construlab\/wp-content\/uploads\/2024\/04\/Portada-ING-300x240.jpg 300w, http:\/\/www.javeriana.edu.co\/construlab\/wp-content\/uploads\/2024\/04\/Portada-ING-1024x819.jpg 1024w, http:\/\/www.javeriana.edu.co\/construlab\/wp-content\/uploads\/2024\/04\/Portada-ING-768x615.jpg 768w\" sizes=\"(max-width: 1251px) 100vw, 1251px\" \/>\t\t<\/span>\n\t\t\t\t\t\t\t\t\t\t\t\t\t<\/div>\n\t\t\t\t\t\t\t\t<div class=\"pp-info-box-content\">\n\t\t\t\t\t<div class=\"pp-info-box-title-wrap\">\n\t\t\t\t\t\t\t\t\t\t\t<\/div>\n\n\t\t\t\t\t\t\t\t\t\t\t<div class=\"pp-info-box-divider-wrap\">\n\t\t\t\t\t\t\t<div class=\"pp-info-box-divider\"><\/div>\n\t\t\t\t\t\t<\/div>\n\t\t\t\t\t\n\t\t\t\t\t\t\t\t\t\t\t<div class=\"pp-info-box-description\">\n\t\t\t\t\t\t\t<p><strong style=\"color: var( --e-global-color-primary ); font-style: var( --e-global-typography-accent-font-style ); word-spacing: var( --e-global-typography-accent-word-spacing );\">Laboratorios de Ingenier\u00eda<\/strong><\/p>\t\t\t\t\t\t<\/div>\n\t\t\t\t\t\t\t\t\t\t\t\t\t\t\t\t\t<div class=\"pp-info-box-footer\">\n\t\t\t\t\t<a href=\"\/construlab\/?page_id=8763\" class=\"pp-info-box-button elementor-button elementor-size-sm\">\n\t\t\t\t\t\t\t\t\t\t\t\t\t\t\t\t\t\t\t<span class=\"pp-button-text\">\n\t\t\t\t\t\t\t\tConocer\t\t\t\t\t\t\t<\/span>\n\t\t\t\t\t\t\t\t\t\t\t\t\t\t\t\t\t<\/a>\n\t\t\t\t<\/div>\n\t\t\t\t\t\t\t\t\t\t<\/div>\n\t\t\t<\/div>\n\t\t<\/div>\n\t\t\t\t\t\t<\/div>\n\t\t\t\t<\/div>\n\t\t\t\t<\/div>\n\t\t<div class=\"elementor-element elementor-element-216cb2d e-con-full e-flex e-con e-child\" data-id=\"216cb2d\" data-element_type=\"container\">\n\t\t\t\t<div class=\"elementor-element elementor-element-fce0f5c elementor-widget__width-initial pp-info-box-top elementor-widget elementor-widget-pp-info-box\" data-id=\"fce0f5c\" data-element_type=\"widget\" data-settings=\"{&quot;icon_position&quot;:&quot;top&quot;}\" data-widget_type=\"pp-info-box.default\">\n\t\t\t\t<div class=\"elementor-widget-container\">\n\t\t\t\t\t\t\t<div class=\"pp-info-box-container\">\n\t\t\t<div class=\"pp-info-box\">\n\t\t\t\t\t\t\t\t\t<div class=\"pp-info-box-icon-wrap\">\n\t\t\t\t\t\t\t\t\t\t\t\t\t\t<span class=\"pp-info-box-icon pp-icon\">\n\t\t\t<img decoding=\"async\" width=\"2560\" height=\"2047\" src=\"http:\/\/www.javeriana.edu.co\/construlab\/wp-content\/uploads\/2024\/04\/Portada-DF-1-scaled.jpg\" class=\"attachment-full size-full wp-image-9427\" alt=\"\" srcset=\"http:\/\/www.javeriana.edu.co\/construlab\/wp-content\/uploads\/2024\/04\/Portada-DF-1-scaled.jpg 2560w, http:\/\/www.javeriana.edu.co\/construlab\/wp-content\/uploads\/2024\/04\/Portada-DF-1-300x240.jpg 300w, http:\/\/www.javeriana.edu.co\/construlab\/wp-content\/uploads\/2024\/04\/Portada-DF-1-1024x819.jpg 1024w, http:\/\/www.javeriana.edu.co\/construlab\/wp-content\/uploads\/2024\/04\/Portada-DF-1-768x614.jpg 768w, http:\/\/www.javeriana.edu.co\/construlab\/wp-content\/uploads\/2024\/04\/Portada-DF-1-1536x1228.jpg 1536w, http:\/\/www.javeriana.edu.co\/construlab\/wp-content\/uploads\/2024\/04\/Portada-DF-1-2048x1638.jpg 2048w\" sizes=\"(max-width: 2560px) 100vw, 2560px\" \/>\t\t<\/span>\n\t\t\t\t\t\t\t\t\t\t\t\t\t<\/div>\n\t\t\t\t\t\t\t\t<div class=\"pp-info-box-content\">\n\t\t\t\t\t<div class=\"pp-info-box-title-wrap\">\n\t\t\t\t\t\t\t\t\t\t\t<\/div>\n\n\t\t\t\t\t\t\t\t\t\t\t<div class=\"pp-info-box-divider-wrap\">\n\t\t\t\t\t\t\t<div class=\"pp-info-box-divider\"><\/div>\n\t\t\t\t\t\t<\/div>\n\t\t\t\t\t\n\t\t\t\t\t\t\t\t\t\t\t<div class=\"pp-info-box-description\">\n\t\t\t\t\t\t\t<p><strong style=\"color: var( --e-global-color-primary ); font-style: var( --e-global-typography-accent-font-style ); word-spacing: var( --e-global-typography-accent-word-spacing );\">Design Factory<\/strong><\/p>\t\t\t\t\t\t<\/div>\n\t\t\t\t\t\t\t\t\t\t\t\t\t\t\t\t\t<div class=\"pp-info-box-footer\">\n\t\t\t\t\t<a href=\"\/construlab\/?page_id=8960\" class=\"pp-info-box-button elementor-button elementor-size-sm\">\n\t\t\t\t\t\t\t\t\t\t\t\t\t\t\t\t\t\t\t<span class=\"pp-button-text\">\n\t\t\t\t\t\t\t\tConocer\t\t\t\t\t\t\t<\/span>\n\t\t\t\t\t\t\t\t\t\t\t\t\t\t\t\t\t<\/a>\n\t\t\t\t<\/div>\n\t\t\t\t\t\t\t\t\t\t<\/div>\n\t\t\t<\/div>\n\t\t<\/div>\n\t\t\t\t\t\t<\/div>\n\t\t\t\t<\/div>\n\t\t\t\t<\/div>\n\t\t\t\t<\/div>\n\t\t\t\t<\/div>\n\t\t","protected":false},"excerpt":{"rendered":"<p>Conoce los laboratorios relacionados con la industria de la construcci\u00f3n Laboratorios de Arquitectura y Dise\u00f1o Conocer Laboratorios de Ingenier\u00eda Conocer Design Factory Conocer<\/p>\n","protected":false},"author":3,"featured_media":0,"parent":0,"menu_order":0,"comment_status":"closed","ping_status":"closed","template":"","meta":{"_acf_changed":false,"footnotes":""},"class_list":["post-8925","page","type-page","status-publish","hentry"],"acf":[],"_links":{"self":[{"href":"http:\/\/www.javeriana.edu.co\/construlab\/index.php?rest_route=\/wp\/v2\/pages\/8925","targetHints":{"allow":["GET"]}}],"collection":[{"href":"http:\/\/www.javeriana.edu.co\/construlab\/index.php?rest_route=\/wp\/v2\/pages"}],"about":[{"href":"http:\/\/www.javeriana.edu.co\/construlab\/index.php?rest_route=\/wp\/v2\/types\/page"}],"author":[{"embeddable":true,"href":"http:\/\/www.javeriana.edu.co\/construlab\/index.php?rest_route=\/wp\/v2\/users\/3"}],"replies":[{"embeddable":true,"href":"http:\/\/www.javeriana.edu.co\/construlab\/index.php?rest_route=%2Fwp%2Fv2%2Fcomments&post=8925"}],"version-history":[{"count":49,"href":"http:\/\/www.javeriana.edu.co\/construlab\/index.php?rest_route=\/wp\/v2\/pages\/8925\/revisions"}],"predecessor-version":[{"id":9448,"href":"http:\/\/www.javeriana.edu.co\/construlab\/index.php?rest_route=\/wp\/v2\/pages\/8925\/revisions\/9448"}],"wp:attachment":[{"href":"http:\/\/www.javeriana.edu.co\/construlab\/index.php?rest_route=%2Fwp%2Fv2%2Fmedia&parent=8925"}],"curies":[{"name":"wp","href":"https:\/\/api.w.org\/{rel}","templated":true}]}}