{"id":1187,"date":"2021-10-25T18:18:18","date_gmt":"2021-10-25T18:18:18","guid":{"rendered":"http:\/\/www.javeriana.edu.co\/escuela-gobierno-etica-publica\/?page_id=1187"},"modified":"2021-10-25T18:28:15","modified_gmt":"2021-10-25T18:28:15","slug":"propositos","status":"publish","type":"page","link":"https:\/\/www.javeriana.edu.co\/escuela-gobierno-etica-publica\/propositos\/","title":{"rendered":"Propositos"},"content":{"rendered":"\t<section class=\"section\" id=\"section_1536454879\">\n\t\t<div class=\"bg section-bg fill bg-fill  bg-loaded\" >\n\n\t\t\t\n\t\t\t<div class=\"section-bg-overlay absolute fill\"><\/div>\n\t\t\t\n\t<div class=\"is-border\"\n\t\tstyle=\"border-radius:50px;border-width:0px 0px 0px 0px;margin:0px 0px 0px 0px;\">\n\t<\/div>\n\n\t\t<\/div>\n\n\t\t<div class=\"section-content relative\">\n\t\t\t\n<div class=\"row row-large align-middle\"  id=\"row-1453767858\">\n\n\t<div id=\"col-537777388\" class=\"col small-12 large-12\"  >\n\t\t<div class=\"col-inner text-left\"  >\n\t\t\t\n\t\t\t\n<h2 style=\"text-align: center;\"><span style=\"font-size: 140%;\">Propositos<\/span><\/h2>\n<p>\u00a0<\/p>\n<p>Desde hace algunos a\u00f1os, algunas universidades del pa\u00eds han venido fundando escuelas de gobierno con el prop\u00f3sito de formar l\u00edderes con las herramientas t\u00e9cnicas esenciales para la construcci\u00f3n de espacios m\u00e1s m\u00e1s eficientes y transparentes, tanto en lo p\u00fablico como en lo privado, y como respuesta a las necesidades de la sociedad. La especificidad de la Escuela Jave\u00adriana de Gobierno y \u00c9tica P\u00fablica (en adelante EJG) y su factor diferencia\u00addor, frente a otras Escuelas, est\u00e1 defi\u00adnido por la centralidad en la discusi\u00f3n \u00e9tica y la formaci\u00f3n en \u00e9tica p\u00fablica, eje de la misi\u00f3n de la Universidad, elemento clave para construir mejores pol\u00edticas p\u00fablicas y tomar mejores de\u00adcisiones desde lo p\u00fablico y lo privado. Por \u201cdiscusi\u00f3n \u00e9tica\u201d entendemos el debate consciente sobre la recta conducta de las acciones y las buenas pr\u00e1cticas que irradian las decisiones personales o institucionales y que pueden conducir a tener resultados, positivos o negativos, que afectan a la sociedad en uno u otro sentido. Entender y discutir con claridad y transparencia los valores, que sub\u00adyacen en las decisiones t\u00e9cnicas de lo p\u00fablico y lo privado, es un paso deci\u00adsivo para que las funciones de los en\u00adtes del Estado se identifiquen con los principios de la democracia partici\u00adpativa, la multicultural, la inclusi\u00f3n, la transparencia, la dignidad humana y la \u00e9tica p\u00fablica y los fundamentos consagrados en la Carta Pol\u00edtica. \u00a0 Muchas decisiones, particular\u00admente en el sector p\u00fablico, tienen fundamento en \u201ct\u00e9cnicas de gobier\u00adno\u201d y la EJG, a trav\u00e9s de las fun\u00adciones que le son propias, aspira a formar l\u00edderes capaces de superar la crisis \u00e9tica y la instrumentalizaci\u00f3n del ser humano. La EJG, en sus funciones tiene en cuenta la duda met\u00f3dica sobre la manera como la \u201ct\u00e9cnica\u201d est\u00e1 so\u00admetiendo al ser humano a decisiones que parecen innecesarias, evitables y poco transparentes. Por lo tanto, en armon\u00eda con la misi\u00f3n de la Univer\u00adsidad y con los principios de la Carta Pol\u00edtica, la EJG facilitar\u00e1 un debate \u00e9tico-pol\u00edtico como su eje fundamen\u00adtal para democratizar y humanizar las decisiones que afectan a la sociedad. La EJG, como foro internacional permanente, aspira formar personas que ocupan o aspiran a ocupar cargos de responsabilidad en los diferentes entes que conforman el aparato del Estado, tanto en las \u00e1reas t\u00e9cnicas como pol\u00edticas, y conduzcan a formar personas que asuman liderazgos con vocaci\u00f3n de servicio a la colectividad. La visi\u00f3n integral de \u201cbuen go\u00adbierno\u201d o \u201cgobernanza\u201d de la EJG reconoce la enorme responsabilidad de la Universidad frente al impacto de las decisiones de los l\u00edderes de nuestra sociedad; l\u00edderes modernos inspirados en valores y principios \u00e9ticos dirigidos a un servicio que di\u00adnamice el cambio social que necesita nuestra sociedad y desate procesos de justicia, inclusi\u00f3n, sostenibilidad y paz para la construcci\u00f3n de una so\u00adciedad m\u00e1s respetuosa de la dignidad humana.<\/p>\n<div class=\"text-center\"><div class=\"is-divider divider clearfix\" style=\"margin-top:2.3em;margin-bottom:2.3em;max-width:1017px;height:4px;\"><\/div><\/div>\n\t<div id=\"text-3029230664\" class=\"text\">\n\t\t\n<h2 style=\"text-align: center;\"><span style=\"font-size: 110%;\">OBJETIVO DE LA ESCUELA JAVERIANA<\/span><\/h2>\n<h2 style=\"text-align: center;\"><span style=\"font-size: 110%;\"> DE GOBIERNO Y \u00c9TICA P\u00daBLICA <\/span><\/h2>\n<p>\u00a0<\/p>\n<p>La EJG tiene como principal ob\u00adjetivo, no s\u00f3lo fortalecer la cultura del conocimiento de las personas en las distintas \u00e1reas del saber, sino la de otorgarle a las mismas y, en par\u00adticular, a los l\u00edderes de los sectores empresariales, acad\u00e9micos y entes vinculados al aparato del Estado en cada una de las divisiones de las ramas del poder p\u00fablico, los instru\u00admentos necesarios para el desarrollo de habilidades de liderazgo y gene\u00adrar una reflexi\u00f3n que implique un avance en la profundizaci\u00f3n \u00e9tica de las funciones organizacionales y de direcci\u00f3n del Estado. Es decir, la EJG busca la formaci\u00f3n, a muy alto nivel, de dirigentes en un contexto de \u201cbuen gobierno\u201d.<br \/>\nEn el \u00e1mbito sociol\u00f3gico, la EJG aspira dar profundidad temporal a los procesos, las instituciones y las pr\u00e1cticas de la interacci\u00f3n Esta\u00addo-Sociedad, a trav\u00e9s del an\u00e1lisis de las dimensiones de causalidad, las re\u00adlaciones entre estructura y acci\u00f3n, los procesos de mediano y largo plazo y las configuraciones organizacionales que resulten en cada \u00e1mbito local, regional, nacional o internacional.\n<\/p>\n\t\t\n<style>\n#text-3029230664 {\n  font-size: 1rem;\n}\n<\/style>\n\t<\/div>\n\t\n\t\t<\/div>\n\t\t\t<\/div>\n\n\t\n<\/div>\n\t\t<\/div>\n\n\t\t\n<style>\n#section_1536454879 {\n  padding-top: 70px;\n  padding-bottom: 70px;\n  margin-bottom: 0px;\n  min-height: 0px;\n  background-color: rgb(193, 193, 193);\n}\n#section_1536454879 .section-bg-overlay {\n  background-color: rgba(255, 255, 255, 0.85);\n}\n<\/style>\n\t<\/section>\n\t\n","protected":false},"excerpt":{"rendered":"","protected":false},"author":7,"featured_media":0,"parent":0,"menu_order":0,"comment_status":"closed","ping_status":"closed","template":"","meta":[],"yoast_head":"<!-- This site is optimized with the Yoast SEO plugin v19.3 - https:\/\/yoast.com\/wordpress\/plugins\/seo\/ -->\n<title>Propositos - Escuela Gobierno y \u00c9tica<\/title>\n<meta name=\"robots\" content=\"index, follow, max-snippet:-1, max-image-preview:large, max-video-preview:-1\" \/>\n<link rel=\"canonical\" href=\"https:\/\/www.javeriana.edu.co\/escuela-gobierno-etica-publica\/propositos\/\" \/>\n<meta property=\"og:locale\" content=\"en_US\" \/>\n<meta property=\"og:type\" content=\"article\" \/>\n<meta property=\"og:title\" content=\"Propositos - Escuela Gobierno y \u00c9tica\" \/>\n<meta property=\"og:url\" content=\"https:\/\/www.javeriana.edu.co\/escuela-gobierno-etica-publica\/propositos\/\" \/>\n<meta property=\"og:site_name\" content=\"Escuela Gobierno y \u00c9tica\" \/>\n<meta property=\"article:modified_time\" content=\"2021-10-25T18:28:15+00:00\" \/>\n<meta name=\"twitter:card\" content=\"summary_large_image\" \/>\n<meta name=\"twitter:label1\" content=\"Est. reading time\" \/>\n\t<meta name=\"twitter:data1\" content=\"4 minutes\" \/>\n<script type=\"application\/ld+json\" class=\"yoast-schema-graph\">{\"@context\":\"https:\/\/schema.org\",\"@graph\":[{\"@type\":\"WebSite\",\"@id\":\"https:\/\/www.javeriana.edu.co\/escuela-gobierno-etica-publica\/#website\",\"url\":\"https:\/\/www.javeriana.edu.co\/escuela-gobierno-etica-publica\/\",\"name\":\"Escuela Gobierno y \u00c9tica\",\"description\":\"Escuela Gobierno y \u00c9tica\",\"potentialAction\":[{\"@type\":\"SearchAction\",\"target\":{\"@type\":\"EntryPoint\",\"urlTemplate\":\"https:\/\/www.javeriana.edu.co\/escuela-gobierno-etica-publica\/?s={search_term_string}\"},\"query-input\":\"required name=search_term_string\"}],\"inLanguage\":\"en-US\"},{\"@type\":\"WebPage\",\"@id\":\"https:\/\/www.javeriana.edu.co\/escuela-gobierno-etica-publica\/propositos\/\",\"url\":\"https:\/\/www.javeriana.edu.co\/escuela-gobierno-etica-publica\/propositos\/\",\"name\":\"Propositos - Escuela Gobierno y \u00c9tica\",\"isPartOf\":{\"@id\":\"https:\/\/www.javeriana.edu.co\/escuela-gobierno-etica-publica\/#website\"},\"datePublished\":\"2021-10-25T18:18:18+00:00\",\"dateModified\":\"2021-10-25T18:28:15+00:00\",\"breadcrumb\":{\"@id\":\"https:\/\/www.javeriana.edu.co\/escuela-gobierno-etica-publica\/propositos\/#breadcrumb\"},\"inLanguage\":\"en-US\",\"potentialAction\":[{\"@type\":\"ReadAction\",\"target\":[\"https:\/\/www.javeriana.edu.co\/escuela-gobierno-etica-publica\/propositos\/\"]}]},{\"@type\":\"BreadcrumbList\",\"@id\":\"https:\/\/www.javeriana.edu.co\/escuela-gobierno-etica-publica\/propositos\/#breadcrumb\",\"itemListElement\":[{\"@type\":\"ListItem\",\"position\":1,\"name\":\"Portada\",\"item\":\"https:\/\/www.javeriana.edu.co\/escuela-gobierno-etica-publica\/\"},{\"@type\":\"ListItem\",\"position\":2,\"name\":\"Propositos\"}]}]}<\/script>\n<!-- \/ Yoast SEO plugin. -->","yoast_head_json":{"title":"Propositos - Escuela Gobierno y \u00c9tica","robots":{"index":"index","follow":"follow","max-snippet":"max-snippet:-1","max-image-preview":"max-image-preview:large","max-video-preview":"max-video-preview:-1"},"canonical":"https:\/\/www.javeriana.edu.co\/escuela-gobierno-etica-publica\/propositos\/","og_locale":"en_US","og_type":"article","og_title":"Propositos - Escuela Gobierno y \u00c9tica","og_url":"https:\/\/www.javeriana.edu.co\/escuela-gobierno-etica-publica\/propositos\/","og_site_name":"Escuela Gobierno y \u00c9tica","article_modified_time":"2021-10-25T18:28:15+00:00","twitter_card":"summary_large_image","twitter_misc":{"Est. reading time":"4 minutes"},"schema":{"@context":"https:\/\/schema.org","@graph":[{"@type":"WebSite","@id":"https:\/\/www.javeriana.edu.co\/escuela-gobierno-etica-publica\/#website","url":"https:\/\/www.javeriana.edu.co\/escuela-gobierno-etica-publica\/","name":"Escuela Gobierno y \u00c9tica","description":"Escuela Gobierno y \u00c9tica","potentialAction":[{"@type":"SearchAction","target":{"@type":"EntryPoint","urlTemplate":"https:\/\/www.javeriana.edu.co\/escuela-gobierno-etica-publica\/?s={search_term_string}"},"query-input":"required name=search_term_string"}],"inLanguage":"en-US"},{"@type":"WebPage","@id":"https:\/\/www.javeriana.edu.co\/escuela-gobierno-etica-publica\/propositos\/","url":"https:\/\/www.javeriana.edu.co\/escuela-gobierno-etica-publica\/propositos\/","name":"Propositos - Escuela Gobierno y \u00c9tica","isPartOf":{"@id":"https:\/\/www.javeriana.edu.co\/escuela-gobierno-etica-publica\/#website"},"datePublished":"2021-10-25T18:18:18+00:00","dateModified":"2021-10-25T18:28:15+00:00","breadcrumb":{"@id":"https:\/\/www.javeriana.edu.co\/escuela-gobierno-etica-publica\/propositos\/#breadcrumb"},"inLanguage":"en-US","potentialAction":[{"@type":"ReadAction","target":["https:\/\/www.javeriana.edu.co\/escuela-gobierno-etica-publica\/propositos\/"]}]},{"@type":"BreadcrumbList","@id":"https:\/\/www.javeriana.edu.co\/escuela-gobierno-etica-publica\/propositos\/#breadcrumb","itemListElement":[{"@type":"ListItem","position":1,"name":"Portada","item":"https:\/\/www.javeriana.edu.co\/escuela-gobierno-etica-publica\/"},{"@type":"ListItem","position":2,"name":"Propositos"}]}]}},"_links":{"self":[{"href":"https:\/\/www.javeriana.edu.co\/escuela-gobierno-etica-publica\/wp-json\/wp\/v2\/pages\/1187"}],"collection":[{"href":"https:\/\/www.javeriana.edu.co\/escuela-gobierno-etica-publica\/wp-json\/wp\/v2\/pages"}],"about":[{"href":"https:\/\/www.javeriana.edu.co\/escuela-gobierno-etica-publica\/wp-json\/wp\/v2\/types\/page"}],"author":[{"embeddable":true,"href":"https:\/\/www.javeriana.edu.co\/escuela-gobierno-etica-publica\/wp-json\/wp\/v2\/users\/7"}],"replies":[{"embeddable":true,"href":"https:\/\/www.javeriana.edu.co\/escuela-gobierno-etica-publica\/wp-json\/wp\/v2\/comments?post=1187"}],"version-history":[{"count":3,"href":"https:\/\/www.javeriana.edu.co\/escuela-gobierno-etica-publica\/wp-json\/wp\/v2\/pages\/1187\/revisions"}],"predecessor-version":[{"id":1194,"href":"https:\/\/www.javeriana.edu.co\/escuela-gobierno-etica-publica\/wp-json\/wp\/v2\/pages\/1187\/revisions\/1194"}],"wp:attachment":[{"href":"https:\/\/www.javeriana.edu.co\/escuela-gobierno-etica-publica\/wp-json\/wp\/v2\/media?parent=1187"}],"curies":[{"name":"wp","href":"https:\/\/api.w.org\/{rel}","templated":true}]}}