{"id":2416,"date":"2020-09-12T16:35:43","date_gmt":"2020-09-12T21:35:43","guid":{"rendered":"http:\/\/www.javeriana.edu.co\/estudiantes\/?page_id=2416"},"modified":"2020-11-18T19:10:35","modified_gmt":"2020-11-19T00:10:35","slug":"apoyos-a-tu-disposicion","status":"publish","type":"page","link":"https:\/\/www.javeriana.edu.co\/estudiantes\/apoyos-a-tu-disposicion\/","title":{"rendered":"Apoyos a tu disposici\u00f3n"},"content":{"rendered":"<p>[vc_row full_width=&#8221;stretch_row&#8221; content_placement=&#8221;middle&#8221; apress_enable_separator=&#8221;&#8221; apress_enable_row_overlay=&#8221;&#8221; add_extended=&#8221;&#8221; bg_type=&#8221;bg_color&#8221; bg_override=&#8221;full&#8221; bg_color_value=&#8221;#008ca4&#8243; css=&#8221;.vc_custom_1600035806666{padding-bottom: 20px !important;}&#8221;][vc_column width=&#8221;2\/3&#8243;][\/vc_column][vc_column width=&#8221;1\/3&#8243;][\/vc_column][\/vc_row][vc_row full_width=&#8221;stretch_row&#8221; content_placement=&#8221;middle&#8221; css_animation=&#8221;none&#8221; apress_enable_separator=&#8221;&#8221; css=&#8221;.vc_custom_1601496791515{padding-top: 30px !important;padding-bottom: 60px !important;}&#8221;][vc_column][vc_column_text]Te invitamos a explorar la diversidad de <strong>apoyos y recursos institucionales<\/strong> que la Universidad ha puesto a tu disposici\u00f3n de manera remota para asegurar tu continuidad acad\u00e9mica y contribuir con tu <strong>formaci\u00f3n integral<\/strong> desde casa.[\/vc_column_text][vc_row_inner][vc_column_inner][apress_heading sub_title=&#8221;Recuerda que desde tu programa se te brindar\u00e1 el apoyo y orientaci\u00f3n necesarios para el desarrollo exitoso de tus asignaturas en las diferentes modalidades: remota, combinada o presencial. Te puedes poner en contacto con:&#8221; content_alignment=&#8221;left&#8221; data_animation=&#8221;bounceInLeft&#8221; data_delay=&#8221;100&#8243; delimiter_line_height=&#8221;3&#8243; delimiter_line_width=&#8221;40&#8243; delimiter_margin=&#8221;margin-top:20|margin-bottom:20&#8243; color_scheme=&#8221;design_your_own&#8221; main_heading_color=&#8221;#4e4e4e&#8221; title_google_fonts=&#8221;yes&#8221; style=&#8221;heading_style1&#8243; title_font_options=&#8221;tag:h1|font_size:42|line_height:48&#8243; subtitle_font_options=&#8221;tag:div|font_size:18|color:%234e4e4e&#8221; delimiter_line_color=&#8221;#008ca4&#8243; title_custom_fonts=&#8221;font_family:Source%20Sans%20Pro%3A200%2C200italic%2C300%2C300italic%2Cregular%2Citalic%2C600%2C600italic%2C700%2C700italic%2C900%2C900italic|font_style:700%20bold%20regular%3A700%3Anormal&#8221; heading_margin=&#8221;margin-top:30|margin-bottom:40px&#8221; subheading_margin=&#8221;margin-bottom:40&#8243;]Apoyo desde tu programa[\/apress_heading][\/vc_column_inner][\/vc_row_inner][vc_row_inner][vc_column_inner width=&#8221;1\/2&#8243;][apress_imagebox_new image=&#8221;2925&#8243; title=&#8221;Profesor&#8221; description=&#8221;Tu profesor es el primer contacto al que puedes acudir si te surgen inquietudes particulares en una asignatura. Tambi\u00e9n debes validar con \u00e9l cu\u00e1les ser\u00e1n los canales de comunicaci\u00f3n que se usar\u00e1n para llevar a cabo las actividades planteadas para el desarrollo de la misma.&#8221; box_border_color=&#8221;&#8221; highlight_bar_height=&#8221;0&#8243; highlight_color=&#8221;&#8221; style=&#8221;new_imagebox_style9&#8243; title_font_options=&#8221;tag:h2|color:%23008ca4&#8243; description_font_options=&#8221;font_size:18|color:%234e4e4e&#8221;][\/vc_column_inner][vc_column_inner width=&#8221;1\/2&#8243;][apress_imagebox_new image=&#8221;2927&#8243; title=&#8221;Director de Carrera y Consejero Acad\u00e9mico&#8221; description=&#8221;Si tienes inquietudes sobre el desarrollo de actividades acad\u00e9micas, podr\u00e1s resolverlas con tu Director de Carrera o con tu Consejero Acad\u00e9mico. De igual manera, deber\u00e1s reportar a tu director de Carrera si, como resultado de la encuesta epidemiol\u00f3gica, no puedes asistir a las actividades presenciales.&#8221; box_border_color=&#8221;&#8221; highlight_bar_height=&#8221;0&#8243; highlight_color=&#8221;&#8221; style=&#8221;new_imagebox_style9&#8243; title_font_options=&#8221;tag:h2|color:%23008ca4&#8243; description_font_options=&#8221;font_size:18|color:%234e4e4e&#8221;][\/vc_column_inner][\/vc_row_inner][\/vc_column][\/vc_row][vc_row bg_type=&#8221;bg_color&#8221; bg_override=&#8221;full&#8221; bg_color_value=&#8221;#ededed&#8221;][vc_column][apress_heading sub_title=&#8221;&#8221; data_animation=&#8221;fadeInUp&#8221; data_delay=&#8221;200&#8243; delimiter_line_height=&#8221;3&#8243; delimiter_line_width=&#8221;40&#8243; delimiter_margin=&#8221;margin-top:20|margin-bottom:40&#8243; color_scheme=&#8221;design_your_own&#8221; main_heading_color=&#8221;#4d4d4d&#8221; title_google_fonts=&#8221;yes&#8221; style=&#8221;heading_style1&#8243; title_font_options=&#8221;tag:h1|font_size:42|line_height:48&#8243; subtitle_font_options=&#8221;tag:div&#8221; delimiter_line_color=&#8221;#008ca4&#8243; title_custom_fonts=&#8221;font_family:Source%20Sans%20Pro%3A200%2C200italic%2C300%2C300italic%2Cregular%2Citalic%2C600%2C600italic%2C700%2C700italic%2C900%2C900italic|font_style:700%20bold%20regular%3A700%3Anormal&#8221; heading_margin=&#8221;margin-top:30|margin-bottom:60px&#8221;]Apoyos Acad\u00e9micos[\/apress_heading][vc_row_inner css=&#8221;.vc_custom_1601411305708{padding-bottom: 50px !important;}&#8221;][vc_column_inner width=&#8221;1\/2&#8243; css=&#8221;.vc_custom_1600394482577{margin-top: 40px !important;}&#8221;][apress_heading sub_title=&#8221;Apoyos Acad\u00e9micos&#8221; content_alignment=&#8221;left&#8221; data_animation=&#8221;fadeInLeft&#8221; delimiter_line_height=&#8221;3&#8243; delimiter_line_width=&#8221;50&#8243; delimiter_margin=&#8221;margin-top:20|margin-bottom:20&#8243; color_scheme=&#8221;design_your_own&#8221; subtitle_google_fonts=&#8221;yes&#8221; style=&#8221;heading_style2&#8243; title_font_options=&#8221;tag:div&#8221; subtitle_font_options=&#8221;tag:h2|color:%23008ca4&#8243; delimiter_line_color=&#8221;#008ca4&#8243; heading_margin=&#8221;margin-top:30&#8243; subtitle_custom_fonts=&#8221;font_family:Source%20Sans%20Pro%3A200%2C200italic%2C300%2C300italic%2Cregular%2Citalic%2C600%2C600italic%2C700%2C700italic%2C900%2C900italic|font_style:700%20bold%20regular%3A700%3Anormal&#8221;]Conoce los m\u00faltiples apoyos que te permitir\u00e1n desarrollar habilidades espec\u00edficas, fortalecer tus competencias y lograr el \u00e9xito en tus estudios.[\/apress_heading][apress_button button_text=&#8221;Conoce m\u00e1s&#8221; color_scheme=&#8221;design_your_own&#8221; button_bg_color=&#8221;#008ca4&#8243; button_bg_color_h=&#8221;#ffb100&#8243; button_border_color=&#8221;&#8221; button_border_color_h=&#8221;&#8221; button_size=&#8221;medium&#8221; button_alignment=&#8221;left&#8221; box_shadow=&#8221;box_shadow_enable:disable|shadow_horizontal:1|shadow_vertical:2|shadow_blur:4|shadow_spread:0|box_shadow_color:rgba(0%2C0%2C0%2C0.2)&#8221; box_hover_shadow=&#8221;box_shadow_enable:disable|shadow_horizontal:2|shadow_vertical:2|shadow_blur:7|shadow_spread:0|box_shadow_color:rgba(0%2C0%2C0%2C0.2)&#8221; button_text_color=&#8221;#ffffff&#8221; button_text_color_h=&#8221;#ffffff&#8221; button_shape=&#8221;round&#8221; button_link=&#8221;url:http%3A%2F%2Fwww.javeriana.edu.co%2Festudiantes%2Fapoyos-academicos%2F&#8221; button_font_options=&#8221;font_size:20&#8243;][\/vc_column_inner][vc_column_inner width=&#8221;1\/2&#8243; css=&#8221;.vc_custom_1600394474296{margin-top: 40px !important;}&#8221;][vc_single_image image=&#8221;2915&#8243; img_size=&#8221;full&#8221; alignment=&#8221;center&#8221; css=&#8221;.vc_custom_1601481279387{padding-bottom: 0px !important;}&#8221;][\/vc_column_inner][\/vc_row_inner][\/vc_column][\/vc_row][vc_row full_width=&#8221;stretch_row&#8221; css=&#8221;.vc_custom_1600135666214{padding-top: 50px !important;padding-bottom: 60px !important;}&#8221;][vc_column width=&#8221;1\/2&#8243; css=&#8221;.vc_custom_1600183110693{padding-top: 0px !important;}&#8221;][apress_heading sub_title=&#8221;Disfruta y participa de los diferentes apoyos, recursos, talleres y estrategias para el buen vivir, el fortalecimiento de tus h\u00e1bitos de aprendizaje y tu formaci\u00f3n integral en casa que la Universidad te ofrece.&#8221; content_alignment=&#8221;left&#8221; data_animation=&#8221;fadeInLeft&#8221; delimiter_line_height=&#8221;3&#8243; delimiter_line_width=&#8221;50&#8243; delimiter_margin=&#8221;margin-top:20|margin-bottom:20&#8243; color_scheme=&#8221;design_your_own&#8221; main_heading_color=&#8221;#4d4d4d&#8221; title_google_fonts=&#8221;yes&#8221; style=&#8221;heading_style1&#8243; title_font_options=&#8221;tag:h1|font_size:42|line_height:48&#8243; subtitle_font_options=&#8221;tag:div&#8221; delimiter_line_color=&#8221;#008ca4&#8243; title_custom_fonts=&#8221;font_family:Source%20Sans%20Pro%3A200%2C200italic%2C300%2C300italic%2Cregular%2Citalic%2C600%2C600italic%2C700%2C700italic%2C900%2C900italic|font_style:700%20bold%20regular%3A700%3Anormal&#8221; heading_margin=&#8221;margin-top:30&#8243;]Medio Universitario[\/apress_heading][apress_button button_text=&#8221;Conoce m\u00e1s&#8221; color_scheme=&#8221;design_your_own&#8221; button_bg_color=&#8221;#008ca4&#8243; button_bg_color_h=&#8221;#ffb100&#8243; button_border_color=&#8221;&#8221; button_border_color_h=&#8221;&#8221; button_size=&#8221;medium&#8221; button_alignment=&#8221;left&#8221; box_shadow=&#8221;box_shadow_enable:disable|shadow_horizontal:1|shadow_vertical:2|shadow_blur:4|shadow_spread:0|box_shadow_color:rgba(0%2C0%2C0%2C0.2)&#8221; box_hover_shadow=&#8221;box_shadow_enable:disable|shadow_horizontal:2|shadow_vertical:2|shadow_blur:7|shadow_spread:0|box_shadow_color:rgba(0%2C0%2C0%2C0.2)&#8221; button_text_color=&#8221;#ffffff&#8221; button_text_color_h=&#8221;#ffffff&#8221; button_shape=&#8221;round&#8221; button_link=&#8221;url:https%3A%2F%2Fwww.javeriana.edu.co%2Fmedio-universitario%2Fmedio-linea|target:_blank&#8221; button_font_options=&#8221;font_size:20&#8243;][\/vc_column][vc_column width=&#8221;1\/2&#8243;][vc_single_image image=&#8221;2912&#8243; img_size=&#8221;full&#8221; alignment=&#8221;center&#8221;][\/vc_column][\/vc_row][vc_row full_width=&#8221;stretch_row&#8221; bg_type=&#8221;bg_color&#8221; bg_color_value=&#8221;#ededed&#8221; css=&#8221;.vc_custom_1600135784965{padding-top: 50px !important;padding-bottom: 60px !important;}&#8221;][vc_column width=&#8221;1\/2&#8243;][vc_single_image image=&#8221;2911&#8243; img_size=&#8221;full&#8221; alignment=&#8221;center&#8221;][\/vc_column][vc_column width=&#8221;1\/2&#8243; css=&#8221;.vc_custom_1600183148265{padding-top: 0px !important;}&#8221;][apress_heading sub_title=&#8221;Accede a los diferentes apoyos, descuentos y opciones de financiaci\u00f3n que te otorga la Universidad para que realices el pago de tu matr\u00edcula.&#8221; content_alignment=&#8221;left&#8221; data_animation=&#8221;fadeInLeft&#8221; delimiter_line_height=&#8221;3&#8243; delimiter_line_width=&#8221;50&#8243; delimiter_margin=&#8221;margin-top:20|margin-bottom:20&#8243; color_scheme=&#8221;design_your_own&#8221; main_heading_color=&#8221;#4d4d4d&#8221; title_google_fonts=&#8221;yes&#8221; style=&#8221;heading_style1&#8243; title_font_options=&#8221;tag:h1|font_size:42|line_height:48&#8243; subtitle_font_options=&#8221;tag:div&#8221; delimiter_line_color=&#8221;#008ca4&#8243; title_custom_fonts=&#8221;font_family:Source%20Sans%20Pro%3A200%2C200italic%2C300%2C300italic%2Cregular%2Citalic%2C600%2C600italic%2C700%2C700italic%2C900%2C900italic|font_style:700%20bold%20regular%3A700%3Anormal&#8221; heading_margin=&#8221;margin-top:30&#8243;]Apoyos Financieros[\/apress_heading][apress_button button_text=&#8221;Conoce m\u00e1s&#8221; color_scheme=&#8221;design_your_own&#8221; button_bg_color=&#8221;#008ca4&#8243; button_bg_color_h=&#8221;#ffb100&#8243; button_border_color=&#8221;&#8221; button_border_color_h=&#8221;&#8221; button_size=&#8221;medium&#8221; button_alignment=&#8221;left&#8221; box_shadow=&#8221;box_shadow_enable:disable|shadow_horizontal:1|shadow_vertical:2|shadow_blur:4|shadow_spread:0|box_shadow_color:rgba(0%2C0%2C0%2C0.2)&#8221; box_hover_shadow=&#8221;box_shadow_enable:disable|shadow_horizontal:2|shadow_vertical:2|shadow_blur:7|shadow_spread:0|box_shadow_color:rgba(0%2C0%2C0%2C0.2)&#8221; button_text_color=&#8221;#ffffff&#8221; button_text_color_h=&#8221;#ffffff&#8221; button_shape=&#8221;round&#8221; button_link=&#8221;url:https%3A%2F%2Fwww.javeriana.edu.co%2Fconstruye-futuro%2F|target:_blank&#8221; button_font_options=&#8221;font_size:20&#8243;][\/vc_column][\/vc_row][vc_row full_width=&#8221;stretch_row_content_no_spaces&#8221; equal_height=&#8221;yes&#8221; content_placement=&#8221;middle&#8221; bg_type=&#8221;bg_color&#8221; el_class=&#8221;fila_banner_apoyo&#8221; css=&#8221;.vc_custom_1601496469435{margin-top: 0px !important;margin-bottom: 0px !important;padding-top: 0px !important;padding-bottom: 0px !important;}&#8221; bg_color_value=&#8221;#f7c113&#8243;][vc_column width=&#8221;1\/2&#8243; css=&#8221;.vc_custom_1600454721453{margin-top: 0px !important;margin-bottom: 0px !important;padding-top: 0px !important;padding-bottom: 0px !important;}&#8221;][vc_row_inner][vc_column_inner width=&#8221;1\/4&#8243;][\/vc_column_inner][vc_column_inner width=&#8221;3\/4&#8243;][vc_single_image image=&#8221;2726&#8243; img_size=&#8221;full&#8221; onclick=&#8221;custom_link&#8221; img_link_target=&#8221;_blank&#8221; link=&#8221;https:\/\/www.javeriana.edu.co\/vicerrectoria-academica\/enlace&#8221; css=&#8221;.vc_custom_1600461192204{margin-top: 0px !important;margin-bottom: 0px !important;}&#8221;][\/vc_column_inner][\/vc_row_inner][\/vc_column][vc_column width=&#8221;1\/2&#8243; css=&#8221;.vc_custom_1600460019658{padding-top: 0px !important;}&#8221;][vc_row_inner content_placement=&#8221;middle&#8221;][vc_column_inner width=&#8221;3\/4&#8243; css=&#8221;.vc_custom_1600461225198{padding-right: 40px !important;padding-left: 40px !important;}&#8221;][vc_single_image image=&#8221;2946&#8243; img_size=&#8221;full&#8221; css=&#8221;.vc_custom_1601496123442{margin-bottom: 0px !important;padding-bottom: 0px !important;}&#8221;][vc_column_text css=&#8221;.vc_custom_1601496021318{margin-top: 0px !important;margin-bottom: 0px !important;padding-top: 0px !important;padding-bottom: 0px !important;}&#8221; el_class=&#8221;banner_apoyos_linea1&#8243;]Escr\u00edbenos a trav\u00e9s del email <a href=\"mailto:enlace@javeriana.edu.co\">enlace@javeriana.edu.co<\/a>[\/vc_column_text][apress_button button_text=&#8221;Conoce m\u00e1s&#8221; color_scheme=&#8221;design_your_own&#8221; button_bg_color=&#8221;#008ca4&#8243; button_bg_color_h=&#8221;#ffffff&#8221; button_border_color=&#8221;&#8221; button_border_color_h=&#8221;&#8221; button_size=&#8221;medium&#8221; button_alignment=&#8221;left&#8221; box_shadow=&#8221;box_shadow_enable:disable|shadow_horizontal:1|shadow_vertical:2|shadow_blur:4|shadow_spread:0|box_shadow_color:rgba(0%2C0%2C0%2C0.2)&#8221; box_hover_shadow=&#8221;box_shadow_enable:disable|shadow_horizontal:2|shadow_vertical:2|shadow_blur:7|shadow_spread:0|box_shadow_color:rgba(0%2C0%2C0%2C0.2)&#8221; button_text_color=&#8221;#ffffff&#8221; button_text_color_h=&#8221;#008ca4&#8243; button_shape=&#8221;round&#8221; button_link=&#8221;url:https%3A%2F%2Fwww.javeriana.edu.co%2Fvicerrectoria-academica%2Fenlace|target:_blank&#8221; button_font_options=&#8221;font_size:18&#8243;][\/vc_column_inner][vc_column_inner width=&#8221;1\/4&#8243;][\/vc_column_inner][\/vc_row_inner][\/vc_column][\/vc_row][vc_row full_width=&#8221;stretch_row&#8221; bg_type=&#8221;bg_color&#8221; bg_color_value=&#8221;#ededed&#8221; css=&#8221;.vc_custom_1600135798455{padding-top: 50px !important;padding-bottom: 60px !important;}&#8221;][vc_column width=&#8221;1\/2&#8243;][vc_single_image image=&#8221;2913&#8243; img_size=&#8221;full&#8221; alignment=&#8221;center&#8221;][\/vc_column][vc_column width=&#8221;1\/2&#8243; css=&#8221;.vc_custom_1600183159047{padding-top: 0px !important;}&#8221;][apress_heading sub_title=&#8221;Con el objetivo de favorecer el acompa\u00f1amiento entre pares, la Universidad ha venido desarrollando estrategias trasversales para la creaci\u00f3n y fortalecimiento de la red de colaboraci\u00f3n entre estudiantes. Esta red de apoyo estudiantil buscan generar espacios de interacci\u00f3n donde estudiantes que est\u00e1n en semestres m\u00e1s avanzados (inductores, monitores, voceros de Enlace Javeriano, entre otros) apoyen y orienten a los estudiantes de los primeros semestres, favoreciendo su \u00e9xito acad\u00e9mico y formaci\u00f3n integral a trav\u00e9s del aprovechamiento de todos los apoyos y recursos a su disposici\u00f3n durante su formaci\u00f3n profesional.&#8221; content_alignment=&#8221;left&#8221; data_animation=&#8221;fadeInLeft&#8221; delimiter_line_height=&#8221;3&#8243; delimiter_line_width=&#8221;50&#8243; delimiter_margin=&#8221;margin-top:20|margin-bottom:20&#8243; color_scheme=&#8221;design_your_own&#8221; main_heading_color=&#8221;#4d4d4d&#8221; title_google_fonts=&#8221;yes&#8221; style=&#8221;heading_style1&#8243; title_font_options=&#8221;tag:h1|font_size:42|line_height:48&#8243; subtitle_font_options=&#8221;tag:div&#8221; delimiter_line_color=&#8221;#008ca4&#8243; title_custom_fonts=&#8221;font_family:Source%20Sans%20Pro%3A200%2C200italic%2C300%2C300italic%2Cregular%2Citalic%2C600%2C600italic%2C700%2C700italic%2C900%2C900italic|font_style:700%20bold%20regular%3A700%3Anormal&#8221; heading_margin=&#8221;margin-top:30&#8243;]Red de Apoyo Estudiantil[\/apress_heading][\/vc_column][\/vc_row][vc_row bg_type=&#8221;image&#8221; parallax_style=&#8221;vcpb-vz-jquery&#8221; bg_image_new=&#8221;id^2411|url^https:\/\/www.javeriana.edu.co\/estudiantes\/wp-content\/uploads\/2020\/09\/foto_footer.jpg|caption^null|alt^null|title^foto_footer|description^null&#8221; bg_image_repeat=&#8221;no-repeat&#8221; bg_override=&#8221;full&#8221; disable_on_mobile_img_parallax=&#8221;disable_on_mobile_img_parallax_value&#8221; css=&#8221;.vc_custom_1599887628597{padding-top: 100px !important;padding-bottom: 100px !important;}&#8221;][vc_column][\/vc_column][\/vc_row]<\/p>\n","protected":false},"excerpt":{"rendered":"<p>[vc_row full_width=&#8221;stretch_row&#8221; content_placement=&#8221;middle&#8221; apress_enable_separator=&#8221;&#8221; apress_enable_row_overlay=&#8221;&#8221; add_extended=&#8221;&#8221; bg_type=&#8221;bg_color&#8221; bg_override=&#8221;full&#8221; bg_color_value=&#8221;#008ca4&#8243; css=&#8221;.vc_custom_1600035806666{padding-bottom: 20px !important;}&#8221;][vc_column width=&#8221;2\/3&#8243;][\/vc_column][vc_column width=&#8221;1\/3&#8243;][\/vc_column][\/vc_row][vc_row full_width=&#8221;stretch_row&#8221; content_placement=&#8221;middle&#8221; css_animation=&#8221;none&#8221; apress_enable_separator=&#8221;&#8221; css=&#8221;.vc_custom_1601496791515{padding-top: 30px !important;padding-bottom: 60px !important;}&#8221;][vc_column][vc_column_text]Te invitamos a explorar la diversidad de apoyos y recursos institucionales que la Universidad ha puesto a tu<span class=\"read_more_area\"><a class=\"read-more\" href=\"https:\/\/www.javeriana.edu.co\/estudiantes\/apoyos-a-tu-disposicion\/\"> Continue Reading <\/a><\/span><\/p>\n","protected":false},"author":2,"featured_media":0,"parent":0,"menu_order":0,"comment_status":"closed","ping_status":"closed","template":"","meta":{"footnotes":""},"_links":{"self":[{"href":"https:\/\/www.javeriana.edu.co\/estudiantes\/wp-json\/wp\/v2\/pages\/2416"}],"collection":[{"href":"https:\/\/www.javeriana.edu.co\/estudiantes\/wp-json\/wp\/v2\/pages"}],"about":[{"href":"https:\/\/www.javeriana.edu.co\/estudiantes\/wp-json\/wp\/v2\/types\/page"}],"author":[{"embeddable":true,"href":"https:\/\/www.javeriana.edu.co\/estudiantes\/wp-json\/wp\/v2\/users\/2"}],"replies":[{"embeddable":true,"href":"https:\/\/www.javeriana.edu.co\/estudiantes\/wp-json\/wp\/v2\/comments?post=2416"}],"version-history":[{"count":159,"href":"https:\/\/www.javeriana.edu.co\/estudiantes\/wp-json\/wp\/v2\/pages\/2416\/revisions"}],"predecessor-version":[{"id":3015,"href":"https:\/\/www.javeriana.edu.co\/estudiantes\/wp-json\/wp\/v2\/pages\/2416\/revisions\/3015"}],"wp:attachment":[{"href":"https:\/\/www.javeriana.edu.co\/estudiantes\/wp-json\/wp\/v2\/media?parent=2416"}],"curies":[{"name":"wp","href":"https:\/\/api.w.org\/{rel}","templated":true}]}}