{"id":5344,"date":"2020-12-16T14:12:55","date_gmt":"2020-12-16T19:12:55","guid":{"rendered":"https:\/\/www.javeriana.edu.co\/muestrasartesjaveriana\/?page_id=5344"},"modified":"2021-02-18T12:50:15","modified_gmt":"2021-02-18T17:50:15","slug":"dia-2_17dic","status":"publish","type":"page","link":"https:\/\/www.javeriana.edu.co\/muestrasartesjaveriana\/dia-2_17dic\/","title":{"rendered":"DIA 2_17DIC"},"content":{"rendered":"\t\t<div data-elementor-type=\"wp-page\" data-elementor-id=\"5344\" class=\"elementor elementor-5344\">\n\t\t\t\t\t\t<section class=\"elementor-section elementor-top-section elementor-element elementor-element-048447f elementor-section-boxed elementor-section-height-default elementor-section-height-default\" data-id=\"048447f\" data-element_type=\"section\">\n\t\t\t\t\t\t<div class=\"elementor-container elementor-column-gap-no\">\n\t\t\t\t\t<div class=\"elementor-column elementor-col-100 elementor-top-column elementor-element elementor-element-fd2d5b1\" data-id=\"fd2d5b1\" data-element_type=\"column\">\n\t\t\t<div class=\"elementor-widget-wrap elementor-element-populated\">\n\t\t\t\t\t\t<div class=\"elementor-element elementor-element-b694fc9 elementor-widget elementor-widget-spacer\" data-id=\"b694fc9\" data-element_type=\"widget\" data-widget_type=\"spacer.default\">\n\t\t\t\t<div class=\"elementor-widget-container\">\n\t\t\t\t\t\t\t<div class=\"elementor-spacer\">\n\t\t\t<div class=\"elementor-spacer-inner\"><\/div>\n\t\t<\/div>\n\t\t\t\t\t\t<\/div>\n\t\t\t\t<\/div>\n\t\t\t\t<div class=\"elementor-element elementor-element-e2f38e4 elementor-widget elementor-widget-image\" data-id=\"e2f38e4\" data-element_type=\"widget\" data-widget_type=\"image.default\">\n\t\t\t\t<div class=\"elementor-widget-container\">\n\t\t\t\t\t\t\t\t\t\t\t\t\t\t\t<img fetchpriority=\"high\" decoding=\"async\" width=\"768\" height=\"432\" src=\"https:\/\/www.javeriana.edu.co\/muestrasartesjaveriana\/wp-content\/uploads\/2020\/12\/dia-2_Mesa-de-trabajo-1-768x432.png\" class=\"attachment-medium_large size-medium_large wp-image-5360\" alt=\"\" srcset=\"https:\/\/www.javeriana.edu.co\/muestrasartesjaveriana\/wp-content\/uploads\/2020\/12\/dia-2_Mesa-de-trabajo-1-768x432.png 768w, https:\/\/www.javeriana.edu.co\/muestrasartesjaveriana\/wp-content\/uploads\/2020\/12\/dia-2_Mesa-de-trabajo-1-300x169.png 300w, https:\/\/www.javeriana.edu.co\/muestrasartesjaveriana\/wp-content\/uploads\/2020\/12\/dia-2_Mesa-de-trabajo-1-1024x576.png 1024w, https:\/\/www.javeriana.edu.co\/muestrasartesjaveriana\/wp-content\/uploads\/2020\/12\/dia-2_Mesa-de-trabajo-1-1536x864.png 1536w, https:\/\/www.javeriana.edu.co\/muestrasartesjaveriana\/wp-content\/uploads\/2020\/12\/dia-2_Mesa-de-trabajo-1-2048x1152.png 2048w\" sizes=\"(max-width: 768px) 100vw, 768px\" \/>\t\t\t\t\t\t\t\t\t\t\t\t\t\t\t<\/div>\n\t\t\t\t<\/div>\n\t\t\t\t<div class=\"elementor-element elementor-element-65223f5 elementor-widget elementor-widget-heading\" data-id=\"65223f5\" data-element_type=\"widget\" data-widget_type=\"heading.default\">\n\t\t\t\t<div class=\"elementor-widget-container\">\n\t\t\t\t\t<h2 class=\"elementor-heading-title elementor-size-default\">Entrevista del tr\u00edo davenport<\/h2>\t\t\t\t<\/div>\n\t\t\t\t<\/div>\n\t\t\t\t<div class=\"elementor-element elementor-element-ceab7d0 elementor-widget elementor-widget-video\" data-id=\"ceab7d0\" data-element_type=\"widget\" data-settings=\"{&quot;video_type&quot;:&quot;vimeo&quot;}\" data-widget_type=\"video.default\">\n\t\t\t\t<div class=\"elementor-widget-container\">\n\t\t\t\t\t\t\t<div class=\"elementor-wrapper elementor-open-inline\">\n\t\t\t<iframe class=\"elementor-video-iframe\" allowfullscreen allow=\"clipboard-write\" title=\"Reproductor de v\u00eddeo vimeo\" src=\"https:\/\/player.vimeo.com\/video\/491869492?color&amp;autopause=0&amp;loop=0&amp;muted=0&amp;title=1&amp;portrait=1&amp;byline=1&amp;h=f0944e8416#t=\"><\/iframe>\t\t<\/div>\n\t\t\t\t\t\t<\/div>\n\t\t\t\t<\/div>\n\t\t\t\t<section class=\"elementor-section elementor-inner-section elementor-element elementor-element-0519235 elementor-section-boxed elementor-section-height-default elementor-section-height-default\" data-id=\"0519235\" data-element_type=\"section\">\n\t\t\t\t\t\t<div class=\"elementor-container elementor-column-gap-default\">\n\t\t\t\t\t<div class=\"elementor-column elementor-col-50 elementor-inner-column elementor-element elementor-element-de9c082\" data-id=\"de9c082\" data-element_type=\"column\">\n\t\t\t<div class=\"elementor-widget-wrap elementor-element-populated\">\n\t\t\t\t\t\t<div class=\"elementor-element elementor-element-fc79204 elementor-widget elementor-widget-video\" data-id=\"fc79204\" data-element_type=\"widget\" data-settings=\"{&quot;video_type&quot;:&quot;vimeo&quot;}\" data-widget_type=\"video.default\">\n\t\t\t\t<div class=\"elementor-widget-container\">\n\t\t\t\t\t\t\t<div class=\"elementor-wrapper elementor-open-inline\">\n\t\t\t<iframe class=\"elementor-video-iframe\" allowfullscreen allow=\"clipboard-write\" title=\"Reproductor de v\u00eddeo vimeo\" src=\"https:\/\/player.vimeo.com\/video\/491902098?color&amp;autopause=0&amp;loop=0&amp;muted=0&amp;title=1&amp;portrait=1&amp;byline=1&amp;h=f4371f8a14#t=\"><\/iframe>\t\t<\/div>\n\t\t\t\t\t\t<\/div>\n\t\t\t\t<\/div>\n\t\t\t\t\t<\/div>\n\t\t<\/div>\n\t\t\t\t<div class=\"elementor-column elementor-col-50 elementor-inner-column elementor-element elementor-element-0233024\" data-id=\"0233024\" data-element_type=\"column\">\n\t\t\t<div class=\"elementor-widget-wrap elementor-element-populated\">\n\t\t\t\t\t\t<div class=\"elementor-element elementor-element-6eb1411 elementor-widget elementor-widget-heading\" data-id=\"6eb1411\" data-element_type=\"widget\" data-widget_type=\"heading.default\">\n\t\t\t\t<div class=\"elementor-widget-container\">\n\t\t\t\t\t<h2 class=\"elementor-heading-title elementor-size-default\">\nTrio\nDavenport\n\u2013\nviol\u00edn, viola, cello<\/h2>\t\t\t\t<\/div>\n\t\t\t\t<\/div>\n\t\t\t\t<div class=\"elementor-element elementor-element-ba03b48 elementor-widget elementor-widget-heading\" data-id=\"ba03b48\" data-element_type=\"widget\" data-widget_type=\"heading.default\">\n\t\t\t\t<div class=\"elementor-widget-container\">\n\t\t\t\t\t<h2 class=\"elementor-heading-title elementor-size-default\">Ern\u00f6 von Dohn\u00e1nyi: Serenada para cuerdas, op.10<\/h2>\t\t\t\t<\/div>\n\t\t\t\t<\/div>\n\t\t\t\t<div class=\"elementor-element elementor-element-b041148 elementor-widget elementor-widget-heading\" data-id=\"b041148\" data-element_type=\"widget\" data-widget_type=\"heading.default\">\n\t\t\t\t<div class=\"elementor-widget-container\">\n\t\t\t\t\t<h2 class=\"elementor-heading-title elementor-size-default\">Juan Antonio Cullar: Plegaria  para cuarteto de cuerdas (con Anyango Yarbo - Davenport, viol\u00edn 2)<\/h2>\t\t\t\t<\/div>\n\t\t\t\t<\/div>\n\t\t\t\t\t<\/div>\n\t\t<\/div>\n\t\t\t\t\t<\/div>\n\t\t<\/section>\n\t\t\t\t<section class=\"elementor-section elementor-inner-section elementor-element elementor-element-e4415cd elementor-section-boxed elementor-section-height-default elementor-section-height-default\" data-id=\"e4415cd\" data-element_type=\"section\">\n\t\t\t\t\t\t<div class=\"elementor-container elementor-column-gap-default\">\n\t\t\t\t\t<div class=\"elementor-column elementor-col-50 elementor-inner-column elementor-element elementor-element-c244789\" data-id=\"c244789\" data-element_type=\"column\">\n\t\t\t<div class=\"elementor-widget-wrap elementor-element-populated\">\n\t\t\t\t\t\t<div class=\"elementor-element elementor-element-93ef356 elementor-widget elementor-widget-video\" data-id=\"93ef356\" data-element_type=\"widget\" data-settings=\"{&quot;video_type&quot;:&quot;vimeo&quot;}\" data-widget_type=\"video.default\">\n\t\t\t\t<div class=\"elementor-widget-container\">\n\t\t\t\t\t\t\t<div class=\"elementor-wrapper elementor-open-inline\">\n\t\t\t<iframe class=\"elementor-video-iframe\" allowfullscreen allow=\"clipboard-write\" title=\"Reproductor de v\u00eddeo vimeo\" src=\"https:\/\/player.vimeo.com\/video\/491930676?color&amp;autopause=0&amp;loop=0&amp;muted=0&amp;title=1&amp;portrait=1&amp;byline=1&amp;h=ba4e83fa04#t=\"><\/iframe>\t\t<\/div>\n\t\t\t\t\t\t<\/div>\n\t\t\t\t<\/div>\n\t\t\t\t\t<\/div>\n\t\t<\/div>\n\t\t\t\t<div class=\"elementor-column elementor-col-50 elementor-inner-column elementor-element elementor-element-ffcd235\" data-id=\"ffcd235\" data-element_type=\"column\">\n\t\t\t<div class=\"elementor-widget-wrap elementor-element-populated\">\n\t\t\t\t\t\t<div class=\"elementor-element elementor-element-46c527a elementor-widget elementor-widget-heading\" data-id=\"46c527a\" data-element_type=\"widget\" data-widget_type=\"heading.default\">\n\t\t\t\t<div class=\"elementor-widget-container\">\n\t\t\t\t\t<h2 class=\"elementor-heading-title elementor-size-default\">Andino\n\u2013\nensamble\nde clarinetes<\/h2>\t\t\t\t<\/div>\n\t\t\t\t<\/div>\n\t\t\t\t<div class=\"elementor-element elementor-element-f24adcb elementor-widget elementor-widget-heading\" data-id=\"f24adcb\" data-element_type=\"widget\" data-widget_type=\"heading.default\">\n\t\t\t\t<div class=\"elementor-widget-container\">\n\t\t\t\t\t<h2 class=\"elementor-heading-title elementor-size-default\">Mauricio Murcia\n(\nColombia\n,\nn. 1977)\n:\nBambuco\n, para trio de clarinetes<\/h2>\t\t\t\t<\/div>\n\t\t\t\t<\/div>\n\t\t\t\t<div class=\"elementor-element elementor-element-0c88828 elementor-widget elementor-widget-heading\" data-id=\"0c88828\" data-element_type=\"widget\" data-widget_type=\"heading.default\">\n\t\t\t\t<div class=\"elementor-widget-container\">\n\t\t\t\t\t<h2 class=\"elementor-heading-title elementor-size-default\">Le\u00f3n Cardona (Colombia, n.1927):\nEl Optimista\n\u2013\nBambuco (Arreglo: C\n.\nBarreto<\/h2>\t\t\t\t<\/div>\n\t\t\t\t<\/div>\n\t\t\t\t\t<\/div>\n\t\t<\/div>\n\t\t\t\t\t<\/div>\n\t\t<\/section>\n\t\t\t\t<div class=\"elementor-element elementor-element-edb2578 elementor-widget elementor-widget-spacer\" data-id=\"edb2578\" data-element_type=\"widget\" data-widget_type=\"spacer.default\">\n\t\t\t\t<div class=\"elementor-widget-container\">\n\t\t\t\t\t\t\t<div class=\"elementor-spacer\">\n\t\t\t<div class=\"elementor-spacer-inner\"><\/div>\n\t\t<\/div>\n\t\t\t\t\t\t<\/div>\n\t\t\t\t<\/div>\n\t\t\t\t<div class=\"elementor-element elementor-element-5684c1b elementor-button-info elementor-align-center elementor-widget elementor-widget-button\" data-id=\"5684c1b\" data-element_type=\"widget\" data-widget_type=\"button.default\">\n\t\t\t\t<div class=\"elementor-widget-container\">\n\t\t\t\t\t\t\t\t\t<div class=\"elementor-button-wrapper\">\n\t\t\t\t\t<a class=\"elementor-button elementor-button-link elementor-size-xs\" href=\"https:\/\/www.javeriana.edu.co\/muestrasartesjaveriana\/estudios-musicales\/\" target=\"_blank\">\n\t\t\t\t\t\t<span class=\"elementor-button-content-wrapper\">\n\t\t\t\t\t\t\t\t\t<span class=\"elementor-button-text\">VER<\/span>\n\t\t\t\t\t<\/span>\n\t\t\t\t\t<\/a>\n\t\t\t\t<\/div>\n\t\t\t\t\t\t\t\t<\/div>\n\t\t\t\t<\/div>\n\t\t\t\t\t<\/div>\n\t\t<\/div>\n\t\t\t\t\t<\/div>\n\t\t<\/section>\n\t\t\t\t<\/div>\n\t\t","protected":false},"excerpt":{"rendered":"<p>Entrevista del tr\u00edo davenport https:\/\/vimeo.com\/491869492\/f0944e8416https:\/\/vimeo.com\/491902098\/f4371f8a14 Trio Davenport \u2013 viol\u00edn, viola, cello Ern\u00f6 von Dohn\u00e1nyi: Serenada para cuerdas, op.10 Juan Antonio Cullar: Plegaria para cuarteto de cuerdas (con Anyango Yarbo &#8211; Davenport, viol\u00edn 2) Andino \u2013 ensamble de clarinetes Mauricio Murcia ( Colombia , n. 1977) : Bambuco , para trio de clarinetes Le\u00f3n Cardona (Colombia,&hellip;&nbsp;<a href=\"https:\/\/www.javeriana.edu.co\/muestrasartesjaveriana\/dia-2_17dic\/\" class=\"\" rel=\"bookmark\">Leer m\u00e1s &raquo;<span class=\"screen-reader-text\">DIA 2_17DIC<\/span><\/a><\/p>\n","protected":false},"author":1,"featured_media":0,"parent":0,"menu_order":0,"comment_status":"closed","ping_status":"closed","template":"page-templates\/template-pagebuilder-full-width.php","meta":{"_coblocks_attr":"","_coblocks_dimensions":"","_coblocks_responsive_height":"","_coblocks_accordion_ie_support":"","neve_meta_sidebar":"full-width","neve_meta_container":"","neve_meta_enable_content_width":"on","neve_meta_content_width":100,"neve_meta_title_alignment":"","neve_meta_author_avatar":"","neve_post_elements_order":"","neve_meta_disable_header":"","neve_meta_disable_footer":"","neve_meta_disable_title":"on","footnotes":""},"_links":{"self":[{"href":"https:\/\/www.javeriana.edu.co\/muestrasartesjaveriana\/wp-json\/wp\/v2\/pages\/5344"}],"collection":[{"href":"https:\/\/www.javeriana.edu.co\/muestrasartesjaveriana\/wp-json\/wp\/v2\/pages"}],"about":[{"href":"https:\/\/www.javeriana.edu.co\/muestrasartesjaveriana\/wp-json\/wp\/v2\/types\/page"}],"author":[{"embeddable":true,"href":"https:\/\/www.javeriana.edu.co\/muestrasartesjaveriana\/wp-json\/wp\/v2\/users\/1"}],"replies":[{"embeddable":true,"href":"https:\/\/www.javeriana.edu.co\/muestrasartesjaveriana\/wp-json\/wp\/v2\/comments?post=5344"}],"version-history":[{"count":11,"href":"https:\/\/www.javeriana.edu.co\/muestrasartesjaveriana\/wp-json\/wp\/v2\/pages\/5344\/revisions"}],"predecessor-version":[{"id":5428,"href":"https:\/\/www.javeriana.edu.co\/muestrasartesjaveriana\/wp-json\/wp\/v2\/pages\/5344\/revisions\/5428"}],"wp:attachment":[{"href":"https:\/\/www.javeriana.edu.co\/muestrasartesjaveriana\/wp-json\/wp\/v2\/media?parent=5344"}],"curies":[{"name":"wp","href":"https:\/\/api.w.org\/{rel}","templated":true}]}}

<div data-elementor-type="wp-page" data-elementor-id="5344" class="elementor elementor-5344">
						<section class="elementor-section elementor-top-section elementor-element elementor-element-048447f elementor-section-boxed elementor-section-height-default elementor-section-height-default" data-id="048447f" data-element_type="section">
						<div class="elementor-container elementor-column-gap-no">
					<div class="elementor-column elementor-col-100 elementor-top-column elementor-element elementor-element-fd2d5b1" data-id="fd2d5b1" data-element_type="column">
			<div class="elementor-widget-wrap elementor-element-populated">
						<div class="elementor-element elementor-element-b694fc9 elementor-widget elementor-widget-spacer" data-id="b694fc9" data-element_type="widget" data-widget_type="spacer.default">
				<div class="elementor-widget-container">
							<div class="elementor-spacer">
			<div class="elementor-spacer-inner"></div>
		</div>
						</div>
				</div>
				<div class="elementor-element elementor-element-e2f38e4 elementor-widget elementor-widget-image" data-id="e2f38e4" data-element_type="widget" data-widget_type="image.default">
				<div class="elementor-widget-container">
															<img fetchpriority="high" decoding="async" width="768" height="432" src="https://www.javeriana.edu.co/muestrasartesjaveriana/wp-content/uploads/2020/12/dia-2_Mesa-de-trabajo-1-768x432.png" class="attachment-medium_large size-medium_large wp-image-5360" alt="" srcset="https://www.javeriana.edu.co/muestrasartesjaveriana/wp-content/uploads/2020/12/dia-2_Mesa-de-trabajo-1-768x432.png 768w, https://www.javeriana.edu.co/muestrasartesjaveriana/wp-content/uploads/2020/12/dia-2_Mesa-de-trabajo-1-300x169.png 300w, https://www.javeriana.edu.co/muestrasartesjaveriana/wp-content/uploads/2020/12/dia-2_Mesa-de-trabajo-1-1024x576.png 1024w, https://www.javeriana.edu.co/muestrasartesjaveriana/wp-content/uploads/2020/12/dia-2_Mesa-de-trabajo-1-1536x864.png 1536w, https://www.javeriana.edu.co/muestrasartesjaveriana/wp-content/uploads/2020/12/dia-2_Mesa-de-trabajo-1-2048x1152.png 2048w" sizes="(max-width: 768px) 100vw, 768px" />															</div>
				</div>
				<div class="elementor-element elementor-element-65223f5 elementor-widget elementor-widget-heading" data-id="65223f5" data-element_type="widget" data-widget_type="heading.default">
				<div class="elementor-widget-container">
					<h2 class="elementor-heading-title elementor-size-default">Entrevista del trío davenport</h2>				</div>
				</div>
				<div class="elementor-element elementor-element-ceab7d0 elementor-widget elementor-widget-video" data-id="ceab7d0" data-element_type="widget" data-settings="{&quot;video_type&quot;:&quot;vimeo&quot;}" data-widget_type="video.default">
				<div class="elementor-widget-container">
							<div class="elementor-wrapper elementor-open-inline">
			<iframe class="elementor-video-iframe" allowfullscreen allow="clipboard-write" title="Reproductor de vídeo vimeo" src="https://player.vimeo.com/video/491869492?color&amp;autopause=0&amp;loop=0&amp;muted=0&amp;title=1&amp;portrait=1&amp;byline=1&amp;h=f0944e8416#t="></iframe>		</div>
						</div>
				</div>
				<section class="elementor-section elementor-inner-section elementor-element elementor-element-0519235 elementor-section-boxed elementor-section-height-default elementor-section-height-default" data-id="0519235" data-element_type="section">
						<div class="elementor-container elementor-column-gap-default">
					<div class="elementor-column elementor-col-50 elementor-inner-column elementor-element elementor-element-de9c082" data-id="de9c082" data-element_type="column">
			<div class="elementor-widget-wrap elementor-element-populated">
						<div class="elementor-element elementor-element-fc79204 elementor-widget elementor-widget-video" data-id="fc79204" data-element_type="widget" data-settings="{&quot;video_type&quot;:&quot;vimeo&quot;}" data-widget_type="video.default">
				<div class="elementor-widget-container">
							<div class="elementor-wrapper elementor-open-inline">
			<iframe class="elementor-video-iframe" allowfullscreen allow="clipboard-write" title="Reproductor de vídeo vimeo" src="https://player.vimeo.com/video/491902098?color&amp;autopause=0&amp;loop=0&amp;muted=0&amp;title=1&amp;portrait=1&amp;byline=1&amp;h=f4371f8a14#t="></iframe>		</div>
						</div>
				</div>
					</div>
		</div>
				<div class="elementor-column elementor-col-50 elementor-inner-column elementor-element elementor-element-0233024" data-id="0233024" data-element_type="column">
			<div class="elementor-widget-wrap elementor-element-populated">
						<div class="elementor-element elementor-element-6eb1411 elementor-widget elementor-widget-heading" data-id="6eb1411" data-element_type="widget" data-widget_type="heading.default">
				<div class="elementor-widget-container">
					<h2 class="elementor-heading-title elementor-size-default">
Trio
Davenport
–
violín, viola, cello</h2>				</div>
				</div>
				<div class="elementor-element elementor-element-ba03b48 elementor-widget elementor-widget-heading" data-id="ba03b48" data-element_type="widget" data-widget_type="heading.default">
				<div class="elementor-widget-container">
					<h2 class="elementor-heading-title elementor-size-default">Ernö von Dohnányi: Serenada para cuerdas, op.10</h2>				</div>
				</div>
				<div class="elementor-element elementor-element-b041148 elementor-widget elementor-widget-heading" data-id="b041148" data-element_type="widget" data-widget_type="heading.default">
				<div class="elementor-widget-container">
					<h2 class="elementor-heading-title elementor-size-default">Juan Antonio Cullar: Plegaria  para cuarteto de cuerdas (con Anyango Yarbo - Davenport, violín 2)</h2>				</div>
				</div>
					</div>
		</div>
					</div>
		</section>
				<section class="elementor-section elementor-inner-section elementor-element elementor-element-e4415cd elementor-section-boxed elementor-section-height-default elementor-section-height-default" data-id="e4415cd" data-element_type="section">
						<div class="elementor-container elementor-column-gap-default">
					<div class="elementor-column elementor-col-50 elementor-inner-column elementor-element elementor-element-c244789" data-id="c244789" data-element_type="column">
			<div class="elementor-widget-wrap elementor-element-populated">
						<div class="elementor-element elementor-element-93ef356 elementor-widget elementor-widget-video" data-id="93ef356" data-element_type="widget" data-settings="{&quot;video_type&quot;:&quot;vimeo&quot;}" data-widget_type="video.default">
				<div class="elementor-widget-container">
							<div class="elementor-wrapper elementor-open-inline">
			<iframe class="elementor-video-iframe" allowfullscreen allow="clipboard-write" title="Reproductor de vídeo vimeo" src="https://player.vimeo.com/video/491930676?color&amp;autopause=0&amp;loop=0&amp;muted=0&amp;title=1&amp;portrait=1&amp;byline=1&amp;h=ba4e83fa04#t="></iframe>		</div>
						</div>
				</div>
					</div>
		</div>
				<div class="elementor-column elementor-col-50 elementor-inner-column elementor-element elementor-element-ffcd235" data-id="ffcd235" data-element_type="column">
			<div class="elementor-widget-wrap elementor-element-populated">
						<div class="elementor-element elementor-element-46c527a elementor-widget elementor-widget-heading" data-id="46c527a" data-element_type="widget" data-widget_type="heading.default">
				<div class="elementor-widget-container">
					<h2 class="elementor-heading-title elementor-size-default">Andino
–
ensamble
de clarinetes</h2>				</div>
				</div>
				<div class="elementor-element elementor-element-f24adcb elementor-widget elementor-widget-heading" data-id="f24adcb" data-element_type="widget" data-widget_type="heading.default">
				<div class="elementor-widget-container">
					<h2 class="elementor-heading-title elementor-size-default">Mauricio Murcia
(
Colombia
,
n. 1977)
:
Bambuco
, para trio de clarinetes</h2>				</div>
				</div>
				<div class="elementor-element elementor-element-0c88828 elementor-widget elementor-widget-heading" data-id="0c88828" data-element_type="widget" data-widget_type="heading.default">
				<div class="elementor-widget-container">
					<h2 class="elementor-heading-title elementor-size-default">León Cardona (Colombia, n.1927):
El Optimista
–
Bambuco (Arreglo: C
.
Barreto</h2>				</div>
				</div>
					</div>
		</div>
					</div>
		</section>
				<div class="elementor-element elementor-element-edb2578 elementor-widget elementor-widget-spacer" data-id="edb2578" data-element_type="widget" data-widget_type="spacer.default">
				<div class="elementor-widget-container">
							<div class="elementor-spacer">
			<div class="elementor-spacer-inner"></div>
		</div>
						</div>
				</div>
				<div class="elementor-element elementor-element-5684c1b elementor-button-info elementor-align-center elementor-widget elementor-widget-button" data-id="5684c1b" data-element_type="widget" data-widget_type="button.default">
				<div class="elementor-widget-container">
									<div class="elementor-button-wrapper">
					<a class="elementor-button elementor-button-link elementor-size-xs" href="https://www.javeriana.edu.co/muestrasartesjaveriana/estudios-musicales/" target="_blank">
						<span class="elementor-button-content-wrapper">
									<span class="elementor-button-text">VER</span>
					</span>
					</a>
				</div>
								</div>
				</div>
					</div>
		</div>
					</div>
		</section>
				</div>

<p>Entrevista del trío davenport https://vimeo.com/491869492/f0944e8416https://vimeo.com/491902098/f4371f8a14 Trio Davenport – violín, viola, cello Ernö von Dohnányi: Serenada para cuerdas, op.10 Juan Antonio Cullar: Plegaria para cuarteto de cuerdas (con Anyango Yarbo &#8211; Davenport, violín 2) Andino – ensamble de clarinetes Mauricio Murcia ( Colombia , n. 1977) : Bambuco , para trio de clarinetes León Cardona (Colombia,&hellip;&nbsp;<a href="https://www.javeriana.edu.co/muestrasartesjaveriana/dia-2_17dic/" class="" rel="bookmark">Leer más &raquo;<span class="screen-reader-text">DIA 2_17DIC</span></a></p>
