{"id":492,"date":"2019-09-08T04:23:51","date_gmt":"2019-09-08T09:23:51","guid":{"rendered":"http:\/\/www.javeriana.edu.co\/sostenibilidad\/?page_id=492"},"modified":"2021-06-17T09:09:39","modified_gmt":"2021-06-17T14:09:39","slug":"contacto","status":"publish","type":"page","link":"https:\/\/www.javeriana.edu.co\/sostenibilidad\/contacto\/","title":{"rendered":"Cont\u00e1cto"},"content":{"rendered":"<p>[et_pb_section fb_built=&#8221;1&#8243; fullwidth=&#8221;on&#8221; _builder_version=&#8221;3.19.13&#8243; custom_margin=&#8221;-35px||-34px&#8221; custom_padding=&#8221;0px|0px|0px|0px|false|false&#8221;][et_pb_fullwidth_slider _builder_version=&#8221;3.19.13&#8243; header_font=&#8221;Georgia||on||||||&#8221; header_letter_spacing=&#8221;2px&#8221; header_line_height=&#8221;2em&#8221; body_font=&#8221;Georgia||||||||&#8221; body_text_color=&#8221;#13205d&#8221; body_font_size=&#8221;58px&#8221; body_line_height=&#8221;0em&#8221; background_image=&#8221;https:\/\/www.javeriana.edu.co\/sostenibilidad\/wp-content\/uploads\/2019\/09\/equipo-cosmos.jpg&#8221; text_orientation=&#8221;left&#8221; custom_margin=&#8221;-36px||&#8221; custom_padding=&#8221;193px||287px|&#8221; button_text_size__hover_enabled=&#8221;off&#8221; button_one_text_size__hover_enabled=&#8221;off&#8221; button_two_text_size__hover_enabled=&#8221;off&#8221; button_text_color__hover_enabled=&#8221;off&#8221; button_one_text_color__hover_enabled=&#8221;off&#8221; button_two_text_color__hover_enabled=&#8221;off&#8221; button_border_width__hover_enabled=&#8221;off&#8221; button_one_border_width__hover_enabled=&#8221;off&#8221; button_two_border_width__hover_enabled=&#8221;off&#8221; button_border_color__hover_enabled=&#8221;off&#8221; button_one_border_color__hover_enabled=&#8221;off&#8221; button_two_border_color__hover_enabled=&#8221;off&#8221; button_border_radius__hover_enabled=&#8221;off&#8221; button_one_border_radius__hover_enabled=&#8221;off&#8221; button_two_border_radius__hover_enabled=&#8221;off&#8221; button_letter_spacing__hover_enabled=&#8221;off&#8221; button_one_letter_spacing__hover_enabled=&#8221;off&#8221; button_two_letter_spacing__hover_enabled=&#8221;off&#8221; button_bg_color__hover_enabled=&#8221;off&#8221; button_one_bg_color__hover_enabled=&#8221;off&#8221; button_two_bg_color__hover_enabled=&#8221;off&#8221;][et_pb_slide _builder_version=&#8221;3.19.13&#8243; header_text_color=&#8221;#13205d&#8221; header_font_size=&#8221;53px&#8221; header_line_height=&#8221;1.6em&#8221; body_font=&#8221;Lato|700|||||||&#8221; body_text_color=&#8221;#ffffff&#8221; body_font_size=&#8221;50px&#8221; body_letter_spacing=&#8221;0px&#8221; body_line_height=&#8221;-0.4em&#8221; background_image=&#8221;https:\/\/www.javeriana.edu.co\/sostenibilidad\/wp-content\/uploads\/2019\/09\/CONTACTO.jpg&#8221; background_position=&#8221;top_left&#8221; custom_button=&#8221;on&#8221; button_text_size=&#8221;17px&#8221; button_text_color=&#8221;#4f5e19&#8243; button_bg_use_color_gradient=&#8221;on&#8221; button_bg_color_gradient_start=&#8221;#ccd321&#8243; button_bg_color_gradient_end=&#8221;#beb221&#8243; button_border_width=&#8221;0px&#8221; button_border_color=&#8221;#4f5e19&#8243; button_border_radius=&#8221;42px&#8221; button_font=&#8221;Lato|900|||||||&#8221; button_icon_color=&#8221;#4f5e19&#8243; button_icon_placement=&#8221;left&#8221; button_alignment=&#8221;center&#8221; button_text_size__hover_enabled=&#8221;off&#8221; button_one_text_size__hover_enabled=&#8221;off&#8221; button_two_text_size__hover_enabled=&#8221;off&#8221; button_text_color__hover_enabled=&#8221;off&#8221; button_one_text_color__hover_enabled=&#8221;off&#8221; button_two_text_color__hover_enabled=&#8221;off&#8221; button_border_width__hover_enabled=&#8221;off&#8221; button_one_border_width__hover_enabled=&#8221;off&#8221; button_two_border_width__hover_enabled=&#8221;off&#8221; button_border_color__hover_enabled=&#8221;off&#8221; button_one_border_color__hover_enabled=&#8221;off&#8221; button_two_border_color__hover_enabled=&#8221;off&#8221; button_border_radius__hover_enabled=&#8221;off&#8221; button_one_border_radius__hover_enabled=&#8221;off&#8221; button_two_border_radius__hover_enabled=&#8221;off&#8221; button_letter_spacing__hover_enabled=&#8221;off&#8221; button_one_letter_spacing__hover_enabled=&#8221;off&#8221; button_two_letter_spacing__hover_enabled=&#8221;off&#8221; button_bg_color__hover_enabled=&#8221;off&#8221; button_one_bg_color__hover_enabled=&#8221;off&#8221; button_two_bg_color__hover_enabled=&#8221;off&#8221;]<\/p>\n<p style=\"text-align: center;\">Contacto<\/p>\n<p>[\/et_pb_slide][\/et_pb_fullwidth_slider][\/et_pb_section][et_pb_section fb_built=&#8221;1&#8243; module_id=&#8221;politica&#8221; _builder_version=&#8221;3.19.13&#8243; background_color=&#8221;#ededed&#8221; custom_padding=&#8221;34px|0px|13px|0px|false|false&#8221;][et_pb_row make_fullwidth=&#8221;on&#8221; _builder_version=&#8221;3.19.13&#8243;][et_pb_column type=&#8221;1_2&#8243; _builder_version=&#8221;3.19.13&#8243;][et_pb_text _builder_version=&#8221;3.19.13&#8243; text_font=&#8221;Montserrat||||||||&#8221; text_text_color=&#8221;#383838&#8243; text_font_size=&#8221;16px&#8221;][\/et_pb_text][et_pb_image src=&#8221;https:\/\/www.javeriana.edu.co\/sostenibilidad\/wp-content\/uploads\/2019\/09\/Logo-Cosmos-07.png&#8221; _builder_version=&#8221;3.19.13&#8243; max_width=&#8221;72%&#8221; module_alignment=&#8221;center&#8221;][\/et_pb_image][et_pb_text _builder_version=&#8221;3.19.13&#8243; text_font=&#8221;Lato||||||||&#8221; text_text_color=&#8221;#000000&#8243; text_line_height=&#8221;0.8em&#8221; custom_margin=&#8221;|||85px&#8221;]<\/p>\n<p class=\"font_8\"><strong>Pontificia Universidad Javeriana<\/strong><\/p>\n<p class=\"font_8\"><span>Bogot\u00e1 D.C.- Colombia<\/span><\/p>\n<p class=\"font_8\"><span>Carrera 7 No. 40 &#8211; 62<\/span><\/p>\n<p class=\"font_8\"><span>Tel: (57 1) 3208320<\/span><\/p>\n<p class=\"font_8\"><span><span class=\"wixGuard\">\u200b<\/span><\/span><\/p>\n<p class=\"font_8\"><strong>Coordinador Cosmos<\/strong><\/p>\n<p class=\"font_8\"><span>Jos\u00e9 Mar\u00eda Castillo<\/span><\/p>\n<p class=\"font_8\"><span><object height=\"0\"><a class=\"auto-generated-link\" data-auto-recognition=\"true\" data-content=\"j.castillo@javeriana.edu.co\" href=\"mailto:j.castillo@javeriana.edu.co\" data-type=\"mail\">j.castillo@javeriana.edu.co<\/a><\/object><\/span><\/p>\n<p class=\"font_8\"><span>Ext. 4804<\/span><\/p>\n<p>[\/et_pb_text][\/et_pb_column][et_pb_column type=&#8221;1_2&#8243; _builder_version=&#8221;3.19.13&#8243;][et_pb_text _builder_version=&#8221;3.19.13&#8243; text_font=&#8221;Lato|700|||||||&#8221; text_text_color=&#8221;#346600&#8243; text_font_size=&#8221;27px&#8221; custom_margin=&#8221;-26px|||&#8221;]<\/p>\n<div id=\"comp-jzq19kyebalata\" class=\"mc1balata\" data-page-id=\"qp9bt\" data-enable-video=\"true\" data-bg-effect-name=\"\" data-media-type=\"\" data-use-clip-path=\"\" data-needs-clipping=\"\">\n<div id=\"comp-jzq19kyebalatabgcolor\" class=\"bgColor\">\n<div id=\"comp-jzq19kyebalatabgcoloroverlay\" class=\"bgColoroverlay\">Escr\u00edbenos<\/div>\n<div class=\"bgColoroverlay\"><\/div>\n<div class=\"bgColoroverlay\"><\/div>\n<\/div>\n<\/div>\n<p>[\/et_pb_text][et_pb_contact_form form_background_color=&#8221;#ffffff&#8221; _builder_version=&#8221;3.19.13&#8243; form_field_font=&#8221;||||||||&#8221;][et_pb_contact_field field_id=&#8221;Name&#8221; field_title=&#8221;Nombre&#8221; _builder_version=&#8221;3.16&#8243; border_radii=&#8221;on||||&#8221; button_text_size__hover_enabled=&#8221;off&#8221; button_one_text_size__hover_enabled=&#8221;off&#8221; button_two_text_size__hover_enabled=&#8221;off&#8221; button_text_color__hover_enabled=&#8221;off&#8221; button_one_text_color__hover_enabled=&#8221;off&#8221; button_two_text_color__hover_enabled=&#8221;off&#8221; button_border_width__hover_enabled=&#8221;off&#8221; button_one_border_width__hover_enabled=&#8221;off&#8221; button_two_border_width__hover_enabled=&#8221;off&#8221; button_border_color__hover_enabled=&#8221;off&#8221; button_one_border_color__hover_enabled=&#8221;off&#8221; button_two_border_color__hover_enabled=&#8221;off&#8221; button_border_radius__hover_enabled=&#8221;off&#8221; button_one_border_radius__hover_enabled=&#8221;off&#8221; button_two_border_radius__hover_enabled=&#8221;off&#8221; button_letter_spacing__hover_enabled=&#8221;off&#8221; button_one_letter_spacing__hover_enabled=&#8221;off&#8221; button_two_letter_spacing__hover_enabled=&#8221;off&#8221; button_bg_color__hover_enabled=&#8221;off&#8221; button_one_bg_color__hover_enabled=&#8221;off&#8221; button_two_bg_color__hover_enabled=&#8221;off&#8221;][\/et_pb_contact_field][et_pb_contact_field field_id=&#8221;Email&#8221; field_title=&#8221;Direcci\u00f3n de correo electr\u00f3nico&#8221; field_type=&#8221;email&#8221; _builder_version=&#8221;3.16&#8243; border_radii=&#8221;on||||&#8221; button_text_size__hover_enabled=&#8221;off&#8221; button_one_text_size__hover_enabled=&#8221;off&#8221; button_two_text_size__hover_enabled=&#8221;off&#8221; button_text_color__hover_enabled=&#8221;off&#8221; button_one_text_color__hover_enabled=&#8221;off&#8221; button_two_text_color__hover_enabled=&#8221;off&#8221; button_border_width__hover_enabled=&#8221;off&#8221; button_one_border_width__hover_enabled=&#8221;off&#8221; button_two_border_width__hover_enabled=&#8221;off&#8221; button_border_color__hover_enabled=&#8221;off&#8221; button_one_border_color__hover_enabled=&#8221;off&#8221; button_two_border_color__hover_enabled=&#8221;off&#8221; button_border_radius__hover_enabled=&#8221;off&#8221; button_one_border_radius__hover_enabled=&#8221;off&#8221; button_two_border_radius__hover_enabled=&#8221;off&#8221; button_letter_spacing__hover_enabled=&#8221;off&#8221; button_one_letter_spacing__hover_enabled=&#8221;off&#8221; button_two_letter_spacing__hover_enabled=&#8221;off&#8221; button_bg_color__hover_enabled=&#8221;off&#8221; button_one_bg_color__hover_enabled=&#8221;off&#8221; button_two_bg_color__hover_enabled=&#8221;off&#8221;][\/et_pb_contact_field][et_pb_contact_field field_id=&#8221;Message&#8221; field_title=&#8221;Mensaje&#8221; field_type=&#8221;text&#8221; fullwidth_field=&#8221;on&#8221; _builder_version=&#8221;3.16&#8243; border_radii=&#8221;on||||&#8221; button_text_size__hover_enabled=&#8221;off&#8221; button_one_text_size__hover_enabled=&#8221;off&#8221; button_two_text_size__hover_enabled=&#8221;off&#8221; button_text_color__hover_enabled=&#8221;off&#8221; button_one_text_color__hover_enabled=&#8221;off&#8221; button_two_text_color__hover_enabled=&#8221;off&#8221; button_border_width__hover_enabled=&#8221;off&#8221; button_one_border_width__hover_enabled=&#8221;off&#8221; button_two_border_width__hover_enabled=&#8221;off&#8221; button_border_color__hover_enabled=&#8221;off&#8221; button_one_border_color__hover_enabled=&#8221;off&#8221; button_two_border_color__hover_enabled=&#8221;off&#8221; button_border_radius__hover_enabled=&#8221;off&#8221; button_one_border_radius__hover_enabled=&#8221;off&#8221; button_two_border_radius__hover_enabled=&#8221;off&#8221; button_letter_spacing__hover_enabled=&#8221;off&#8221; button_one_letter_spacing__hover_enabled=&#8221;off&#8221; button_two_letter_spacing__hover_enabled=&#8221;off&#8221; button_bg_color__hover_enabled=&#8221;off&#8221; button_one_bg_color__hover_enabled=&#8221;off&#8221; button_two_bg_color__hover_enabled=&#8221;off&#8221;][\/et_pb_contact_field][\/et_pb_contact_form][\/et_pb_column][\/et_pb_row][\/et_pb_section][et_pb_section fb_built=&#8221;1&#8243; _builder_version=&#8221;3.19.13&#8243; custom_padding=&#8221;0|0px|2px|0px|false|false&#8221;][et_pb_row make_fullwidth=&#8221;on&#8221; use_custom_gutter=&#8221;on&#8221; gutter_width=&#8221;1&#8243; custom_padding=&#8221;0|0px|25.5938px|0px|false|false&#8221; _builder_version=&#8221;3.19.13&#8243;][et_pb_column type=&#8221;4_4&#8243; _builder_version=&#8221;3.19.13&#8243;][et_pb_code _builder_version=&#8221;3.19.13&#8243;]<iframe loading=\"lazy\" src=\"https:\/\/www.google.com\/maps\/embed?pb=!1m18!1m12!1m3!1d3976.807212099214!2d-74.06709638601757!3d*****************!2m3!1f0!2f0!3f0!3m2!1i1024!2i768!4f13.1!3m3!1m2!1s0x8e3f99a8193f1c9f%3A0xf93431640f134c07!2sPontificia%20Universidad%20Javeriana!5e0!3m2!1ses!2sco!4v1568355674617!5m2!1ses!2sco\" width=\"1600\" height=\"600\" frameborder=\"0\" style=\"border:0;\" allowfullscreen=\"\"><\/iframe>[\/et_pb_code][\/et_pb_column][\/et_pb_row][\/et_pb_section][et_pb_section fb_built=&#8221;1&#8243; _builder_version=&#8221;3.19.13&#8243; background_color=&#8221;#f9cf1c&#8221; box_shadow_style=&#8221;preset1&#8243; box_shadow_blur=&#8221;7px&#8221; custom_padding=&#8221;0|0px|51.1875px|0px|false|false&#8221; saved_tabs=&#8221;all&#8221; global_module=&#8221;1428&#8243;][et_pb_row make_fullwidth=&#8221;on&#8221; custom_width_px=&#8221;2315px&#8221; use_custom_gutter=&#8221;on&#8221; gutter_width=&#8221;1&#8243; custom_padding=&#8221;25.5938px|0px|0|0px|false|false&#8221; _builder_version=&#8221;3.19.13&#8243;][et_pb_column type=&#8221;1_2&#8243; _builder_version=&#8221;3.19.13&#8243;][et_pb_text _builder_version=&#8221;3.19.13&#8243; text_font=&#8221;||||||||&#8221; text_text_color=&#8221;#003b63&#8243; custom_margin=&#8221;|||45px&#8221;]<strong>Pontificia Universidad Javeriana<\/strong><br \/>\n[\/et_pb_text][et_pb_text _builder_version=&#8221;3.19.13&#8243; text_font=&#8221;||||||||&#8221; text_text_color=&#8221;#003b63&#8243; text_line_height=&#8221;0.3em&#8221; custom_margin=&#8221;24px|||44px&#8221;]<\/p>\n<p class=\"font_9\">Bogot\u00e1 D.C.- Colombia &#8211; Carrera 7 No. 40 &#8211; 62 &#8211; Tel: (57 1) 3208320<\/p>\n<p class=\"font_9\"><span style=\"color: #003b63;\"><a style=\"color: #003b63;\" href=\"https:\/\/www.javeriana.edu.co\/documents\/10179\/9567882\/Acuerdo+No+657.pdf\" target=\"_blank\" rel=\"nofollow noopener noreferrer\" data-content=\"https:\/\/www.javeriana.edu.co\/documents\/10179\/9567882\/Acuerdo+No+657.pdf\" data-type=\"external\">Pol\u00edtica de protecci\u00f3n de datos personales<\/a><\/span><\/p>\n<p class=\"font_9\"><span style=\"color: #003b63;\"><a style=\"color: #003b63;\" href=\"https:\/\/www.javeriana.edu.co\/documents\/10179\/0\/Aviso+de+Privacidad+2018\" target=\"_blank\" rel=\"nofollow noopener noreferrer\" data-content=\"https:\/\/www.javeriana.edu.co\/documents\/10179\/0\/Aviso+de+Privacidad+2018\" data-type=\"external\">Aviso de privacidad<\/a><a style=\"color: #003b63;\" href=\"https:\/\/www.javeriana.edu.co\/documents\/10179\/0\/Aviso+de+Privacidad+2018\" target=\"_blank\" rel=\"nofollow noopener noreferrer\" data-content=\"https:\/\/www.javeriana.edu.co\/documents\/10179\/0\/Aviso+de+Privacidad+2018\" data-type=\"external\">\u00a0|\u00a0<\/a><a style=\"color: #003b63;\" href=\"https:\/\/www.javeriana.edu.co\/documents\/10179\/0\/NOTA+DE+RESERVA+DE+DERECHOS+SITIO+WEB+UNIJAVERIANA.pdf\/50120fbe-e32e-41e1-861f-e77b9e19d694\" target=\"_blank\" rel=\"nofollow noopener noreferrer\" data-content=\"https:\/\/www.javeriana.edu.co\/documents\/10179\/0\/NOTA+DE+RESERVA+DE+DERECHOS+SITIO+WEB+UNIJAVERIANA.pdf\/50120fbe-e32e-41e1-861f-e77b9e19d694\" data-type=\"external\">Condiciones de uso y t\u00e9rminos legales<\/a><\/span><\/p>\n<p>[\/et_pb_text][\/et_pb_column][et_pb_column type=&#8221;1_6&#8243; _builder_version=&#8221;3.19.13&#8243;][et_pb_text _builder_version=&#8221;3.19.13&#8243; text_font=&#8221;||||||||&#8221; text_text_color=&#8221;#003b63&#8243; custom_margin=&#8221;|||-84px&#8221;]<\/p>\n<p>Comun\u00edcate con nosotros<\/p>\n<p>&nbsp;<\/p>\n<ul class=\"font_9\">\n<li>\n<p class=\"font_9\"><span style=\"color: #003366;\"><a href=\"https:\/\/www.javeriana.edu.co\/sostenibilidad\/contacto\/\" style=\"color: #003366;\"><strong>Cont\u00e1ctanos<\/strong><\/a><\/span><\/p>\n<\/li>\n<li>\n<p class=\"font_9\"><strong>Voluntarios<\/strong><\/p>\n<\/li>\n<\/ul>\n<p>[\/et_pb_text][\/et_pb_column][et_pb_column type=&#8221;1_6&#8243; _builder_version=&#8221;3.19.13&#8243;][et_pb_text _builder_version=&#8221;3.19.13&#8243; text_font=&#8221;||||||||&#8221; text_text_color=&#8221;#003b63&#8243; text_line_height=&#8221;1em&#8221; custom_margin=&#8221;4px|||-102px&#8221;]<\/p>\n<p>Accesos r\u00e1pidos<\/p>\n<p>&nbsp;<\/p>\n<ul class=\"font_9\">\n<li>\n<p class=\"font_9\"><span style=\"color: #003366;\"><a href=\"https:\/\/www.javeriana.edu.co\/institucional\/laudato-si#.XdIZkb97muV\" style=\"color: #003366;\"><strong>Simposio\u00a0Javeriano\u00a0<span style=\"font-size: 14px;\"><\/span><\/strong><\/a><\/span><\/p>\n<p class=\"font_9\"><span style=\"color: #003366;\"><a href=\"https:\/\/www.javeriana.edu.co\/institucional\/laudato-si#.XdIZkb97muV\" style=\"color: #003366;\"><strong><span style=\"font-size: 14px;\">Laudato Si&#8217;<\/span><\/strong><\/a><\/span><\/p>\n<p><span style=\"color: #003366;\"><\/span><\/li>\n<li>\n<p class=\"font_9\"><span style=\"font-size: 14px; color: #003366;\"><a href=\"https:\/\/www.javeriana.edu.co\/vicerrectoria-del-medio-universitario\/historia-verde\" style=\"color: #003366;\"><strong>Historia Verde<\/strong><\/a><\/span><\/p>\n<\/li>\n<\/ul>\n<p>[\/et_pb_text][\/et_pb_column][et_pb_column type=&#8221;1_6&#8243; _builder_version=&#8221;3.19.13&#8243;][et_pb_text _builder_version=&#8221;3.19.13&#8243; text_font=&#8221;||||||||&#8221; text_text_color=&#8221;#003b63&#8243; custom_margin=&#8221;|||-87px&#8221; custom_padding=&#8221;|||0px&#8221;]<\/p>\n<p>S\u00edguenos\u00a0en nuestras redes sociales:<\/p>\n<p><a href=\"https:\/\/www.instagram.com\/javeriana_verde\/\" target=\"_blank\" rel=\"noopener noreferrer\"><img loading=\"lazy\" decoding=\"async\" src=\"https:\/\/www.javeriana.edu.co\/sostenibilidad\/wp-content\/uploads\/2019\/11\/instagram1.png\" alt=\"\" class=\"wp-image-1436 alignnone size-full\" width=\"44\" height=\"44\" srcset=\"https:\/\/www.javeriana.edu.co\/sostenibilidad\/wp-content\/uploads\/2019\/11\/instagram1.png 256w, https:\/\/www.javeriana.edu.co\/sostenibilidad\/wp-content\/uploads\/2019\/11\/instagram1-150x150.png 150w\" sizes=\"(max-width: 44px) 100vw, 44px\" \/><\/a>\u00a0 <a href=\"https:\/\/www.facebook.com\/javerianaverde\" target=\"_blank\" rel=\"noopener noreferrer\"><img loading=\"lazy\" decoding=\"async\" src=\"https:\/\/www.javeriana.edu.co\/sostenibilidad\/wp-content\/uploads\/2019\/11\/facebook.png\" alt=\"\" class=\"wp-image-1446 alignnone size-full\" width=\"45\" height=\"45\" srcset=\"https:\/\/www.javeriana.edu.co\/sostenibilidad\/wp-content\/uploads\/2019\/11\/facebook.png 256w, https:\/\/www.javeriana.edu.co\/sostenibilidad\/wp-content\/uploads\/2019\/11\/facebook-150x150.png 150w\" sizes=\"(max-width: 45px) 100vw, 45px\" \/><\/a>\u00a0 <a href=\"https:\/\/twitter.com\/javerianaverde\" target=\"_blank\" rel=\"noopener noreferrer\"><img loading=\"lazy\" decoding=\"async\" src=\"https:\/\/www.javeriana.edu.co\/sostenibilidad\/wp-content\/uploads\/2019\/11\/twitter.png\" alt=\"\" class=\"wp-image-1450 alignnone size-full\" width=\"45\" height=\"47\" \/><\/a>\u00a0 <a href=\"https:\/\/www.youtube.com\/channel\/UCPNmg7EnPrHm3mpBIEfAwaQ\/featured?view_as=subscriber\" target=\"_blank\" rel=\"noopener noreferrer\"><img loading=\"lazy\" decoding=\"async\" src=\"https:\/\/www.javeriana.edu.co\/sostenibilidad\/wp-content\/uploads\/2019\/11\/youtube.png\" alt=\"\" class=\"wp-image-1454 alignnone size-full\" width=\"46\" height=\"49\" \/><\/a><\/p>\n<p>&nbsp;<\/p>\n<p>&nbsp;<\/p>\n<p>[\/et_pb_text][\/et_pb_column][\/et_pb_row][\/et_pb_section]<\/p>\n","protected":false},"excerpt":{"rendered":"<p>ContactoPontificia Universidad Javeriana Bogot\u00e1 D.C.- Colombia Carrera 7 No. 40 &#8211; 62 Tel: (57 1) 3208320 \u200b Coordinador Cosmos Jos\u00e9 Mar\u00eda Castillo j.castillo@javeriana.edu.co Ext. 4804 Escr\u00edbenos Pontificia Universidad Javeriana Bogot\u00e1 D.C.- Colombia &#8211; Carrera 7 No. 40 &#8211; 62 &#8211; Tel: (57 1) 3208320 Pol\u00edtica de protecci\u00f3n de datos personales Aviso de privacidad\u00a0|\u00a0Condiciones de uso [&hellip;]<\/p>\n","protected":false},"author":2,"featured_media":0,"parent":0,"menu_order":0,"comment_status":"closed","ping_status":"closed","template":"","meta":{"_et_pb_use_builder":"on","_et_pb_old_content":"","_et_gb_content_width":"","footnotes":""},"class_list":["post-492","page","type-page","status-publish","hentry"],"_links":{"self":[{"href":"https:\/\/www.javeriana.edu.co\/sostenibilidad\/wp-json\/wp\/v2\/pages\/492","targetHints":{"allow":["GET"]}}],"collection":[{"href":"https:\/\/www.javeriana.edu.co\/sostenibilidad\/wp-json\/wp\/v2\/pages"}],"about":[{"href":"https:\/\/www.javeriana.edu.co\/sostenibilidad\/wp-json\/wp\/v2\/types\/page"}],"author":[{"embeddable":true,"href":"https:\/\/www.javeriana.edu.co\/sostenibilidad\/wp-json\/wp\/v2\/users\/2"}],"replies":[{"embeddable":true,"href":"https:\/\/www.javeriana.edu.co\/sostenibilidad\/wp-json\/wp\/v2\/comments?post=492"}],"version-history":[{"count":11,"href":"https:\/\/www.javeriana.edu.co\/sostenibilidad\/wp-json\/wp\/v2\/pages\/492\/revisions"}],"predecessor-version":[{"id":3993,"href":"https:\/\/www.javeriana.edu.co\/sostenibilidad\/wp-json\/wp\/v2\/pages\/492\/revisions\/3993"}],"wp:attachment":[{"href":"https:\/\/www.javeriana.edu.co\/sostenibilidad\/wp-json\/wp\/v2\/media?parent=492"}],"curies":[{"name":"wp","href":"https:\/\/api.w.org\/{rel}","templated":true}]}}